CRAN Package Check Results for Package WeibullFit

Last updated on 2025-04-30 04:50:23 CEST.

Flavor Version Tinstall Tcheck Ttotal Status Flags
r-devel-linux-x86_64-debian-clang 0.1.0 5.68 47.69 53.37 NOTE
r-devel-linux-x86_64-debian-gcc 0.1.0 4.84 36.44 41.28 NOTE
r-devel-linux-x86_64-fedora-clang 0.1.0 86.41 NOTE
r-devel-linux-x86_64-fedora-gcc 0.1.0 84.87 NOTE
r-devel-windows-x86_64 0.1.0 7.00 64.00 71.00 NOTE
r-patched-linux-x86_64 0.1.0 6.35 46.58 52.93 NOTE
r-release-linux-x86_64 0.1.0 6.82 45.91 52.73 NOTE
r-release-macos-arm64 0.1.0 34.00 NOTE
r-release-macos-x86_64 0.1.0 58.00 NOTE
r-release-windows-x86_64 0.1.0 10.00 63.00 73.00 NOTE
r-oldrel-macos-arm64 0.1.0 30.00 NOTE
r-oldrel-macos-x86_64 0.1.0 56.00 NOTE
r-oldrel-windows-x86_64 0.1.0 10.00 76.00 86.00 NOTE

Check Details

Version: 0.1.0
Check: Rd files
Result: NOTE checkRd: (-1) busTrace.Rd:15: Lost braces 15 | /href{https://crawdad.org/coppe-ufrj/RioBuses/20180319/} | ^ Flavors: r-devel-linux-x86_64-debian-clang, r-devel-linux-x86_64-debian-gcc, r-devel-linux-x86_64-fedora-clang, r-devel-linux-x86_64-fedora-gcc, r-devel-windows-x86_64, r-patched-linux-x86_64, r-release-linux-x86_64, r-release-macos-arm64, r-release-macos-x86_64, r-release-windows-x86_64, r-oldrel-macos-arm64, r-oldrel-macos-x86_64, r-oldrel-windows-x86_64