Last updated on 2025-11-04 03:51:13 CET.
| Flavor | Version | Tinstall | Tcheck | Ttotal | Status | Flags | 
|---|---|---|---|---|---|---|
| r-devel-linux-x86_64-debian-clang | 0.1.0 | 6.44 | 50.05 | 56.49 | NOTE | |
| r-devel-linux-x86_64-debian-gcc | 0.1.0 | 4.71 | 39.26 | 43.97 | NOTE | |
| r-devel-linux-x86_64-fedora-clang | 0.1.0 | 14.00 | 72.46 | 86.46 | NOTE | |
| r-devel-linux-x86_64-fedora-gcc | 0.1.0 | 14.00 | 69.77 | 83.77 | NOTE | |
| r-devel-windows-x86_64 | 0.1.0 | 9.00 | 61.00 | 70.00 | NOTE | |
| r-patched-linux-x86_64 | 0.1.0 | 6.28 | 47.81 | 54.09 | NOTE | |
| r-release-linux-x86_64 | 0.1.0 | 6.05 | 47.73 | 53.78 | NOTE | |
| r-release-macos-arm64 | 0.1.0 | 4.00 | 30.00 | 34.00 | NOTE | |
| r-release-macos-x86_64 | 0.1.0 | 6.00 | 52.00 | 58.00 | NOTE | |
| r-release-windows-x86_64 | 0.1.0 | 8.00 | 59.00 | 67.00 | NOTE | |
| r-oldrel-macos-arm64 | 0.1.0 | 3.00 | 27.00 | 30.00 | NOTE | |
| r-oldrel-macos-x86_64 | 0.1.0 | 6.00 | 50.00 | 56.00 | NOTE | |
| r-oldrel-windows-x86_64 | 0.1.0 | 11.00 | 74.00 | 85.00 | NOTE | 
Version: 0.1.0
Check: Rd files
Result: NOTE
  checkRd: (-1) busTrace.Rd:15: Lost braces
      15 | /href{https://crawdad.org/coppe-ufrj/RioBuses/20180319/}
         |      ^
Flavors: r-devel-linux-x86_64-debian-clang, r-devel-linux-x86_64-debian-gcc, r-devel-linux-x86_64-fedora-clang, r-devel-linux-x86_64-fedora-gcc, r-devel-windows-x86_64, r-patched-linux-x86_64, r-release-linux-x86_64, r-release-macos-arm64, r-release-macos-x86_64, r-release-windows-x86_64, r-oldrel-macos-arm64, r-oldrel-macos-x86_64, r-oldrel-windows-x86_64