Last updated on 2025-04-30 04:50:23 CEST.
Flavor | Version | Tinstall | Tcheck | Ttotal | Status | Flags |
---|---|---|---|---|---|---|
r-devel-linux-x86_64-debian-clang | 1.4.0 | 25.10 | 500.23 | 525.33 | NOTE | |
r-devel-linux-x86_64-debian-gcc | 1.4.0 | 14.17 | 340.80 | 354.97 | OK | |
r-devel-linux-x86_64-fedora-clang | 1.4.0 | 834.15 | OK | |||
r-devel-linux-x86_64-fedora-gcc | 1.4.0 | 834.01 | OK | |||
r-devel-windows-x86_64 | 1.4.0 | 23.00 | 490.00 | 513.00 | OK | |
r-patched-linux-x86_64 | 1.4.0 | 21.97 | 462.44 | 484.41 | OK | |
r-release-linux-x86_64 | 1.4.0 | 18.29 | 460.01 | 478.30 | OK | |
r-release-macos-arm64 | 1.4.0 | 265.00 | OK | |||
r-release-macos-x86_64 | 1.4.0 | 494.00 | OK | |||
r-release-windows-x86_64 | 1.4.0 | 25.00 | 504.00 | 529.00 | OK | |
r-oldrel-macos-arm64 | 1.4.0 | 180.00 | OK | |||
r-oldrel-macos-x86_64 | 1.4.0 | 427.00 | OK | |||
r-oldrel-windows-x86_64 | 1.4.0 | 29.00 | 647.00 | 676.00 | OK |
Version: 1.4.0
Check: examples
Result: NOTE
Examples with CPU (user + system) or elapsed time > 5s
user system elapsed
calibrate 4.006 0.086 5.308
Flavor: r-devel-linux-x86_64-debian-clang