Last updated on 2025-04-29 04:50:23 CEST.
Flavor | Version | Tinstall | Tcheck | Ttotal | Status | Flags |
---|---|---|---|---|---|---|
r-devel-linux-x86_64-debian-clang | 1.8-1 | 17.38 | 337.70 | 355.08 | OK | |
r-devel-linux-x86_64-debian-gcc | 1.8-1 | 13.01 | 253.21 | 266.22 | NOTE | |
r-devel-linux-x86_64-fedora-clang | 1.8-1 | 573.45 | OK | |||
r-devel-linux-x86_64-fedora-gcc | 1.8-1 | 570.80 | OK | |||
r-devel-windows-x86_64 | 1.8-1 | 24.00 | 685.00 | 709.00 | OK | |
r-patched-linux-x86_64 | 1.8-1 | 17.00 | 331.39 | 348.39 | OK | |
r-release-linux-x86_64 | 1.8-1 | 16.89 | 331.25 | 348.14 | OK | |
r-release-macos-arm64 | 1.8-1 | 398.00 | OK | |||
r-release-macos-x86_64 | 1.8-1 | 631.00 | OK | |||
r-release-windows-x86_64 | 1.8-1 | 24.00 | 701.00 | 725.00 | OK | |
r-oldrel-macos-arm64 | 1.8-1 | 326.00 | OK | |||
r-oldrel-macos-x86_64 | 1.8-1 | 624.00 | OK | |||
r-oldrel-windows-x86_64 | 1.8-1 | 30.00 | 900.00 | 930.00 | OK |
Version: 1.8-1
Check: examples
Result: NOTE
Examples with CPU (user + system) or elapsed time > 5s
user system elapsed
seqclararange 6.617 0.028 8.151
Flavor: r-devel-linux-x86_64-debian-gcc