CRAN Package Check Results for Package WeightedTreemaps

Last updated on 2025-04-30 04:50:23 CEST.

Flavor Version Tinstall Tcheck Ttotal Status Flags
r-devel-linux-x86_64-debian-clang 0.1.4 44.83 89.38 134.21 OK
r-devel-linux-x86_64-debian-gcc 0.1.4 37.35 63.87 101.22 OK
r-devel-linux-x86_64-fedora-clang 0.1.4 200.20 OK
r-devel-linux-x86_64-fedora-gcc 0.1.4 269.40 OK
r-devel-windows-x86_64 0.1.4 55.00 119.00 174.00 OK
r-patched-linux-x86_64 0.1.4 49.42 82.52 131.94 OK
r-release-linux-x86_64 0.1.4 49.52 81.56 131.08 OK
r-release-macos-arm64 0.1.4 65.00 OK
r-release-macos-x86_64 0.1.4 124.00 OK
r-release-windows-x86_64 0.1.4 57.00 114.00 171.00 OK
r-oldrel-macos-arm64 0.1.4 62.00 NOTE
r-oldrel-macos-x86_64 0.1.4 176.00 NOTE
r-oldrel-windows-x86_64 0.1.4 62.00 141.00 203.00 OK

Check Details

Version: 0.1.4
Check: installed package size
Result: NOTE installed size is 12.6Mb sub-directories of 1Mb or more: doc 1.4Mb libs 10.4Mb Flavors: r-oldrel-macos-arm64, r-oldrel-macos-x86_64