Last updated on 2025-04-30 04:50:23 CEST.
Flavor | Version | Tinstall | Tcheck | Ttotal | Status | Flags |
---|---|---|---|---|---|---|
r-devel-linux-x86_64-debian-clang | 1.0.4 | 17.52 | 251.55 | 269.07 | NOTE | |
r-devel-linux-x86_64-debian-gcc | 1.0.4 | 11.64 | 176.97 | 188.61 | NOTE | |
r-devel-linux-x86_64-fedora-clang | 1.0.4 | 411.58 | NOTE | |||
r-devel-linux-x86_64-fedora-gcc | 1.0.4 | 391.18 | NOTE | |||
r-devel-windows-x86_64 | 1.0.4 | 19.00 | 248.00 | 267.00 | NOTE | |
r-patched-linux-x86_64 | 1.0.4 | 14.85 | 241.57 | 256.42 | NOTE | |
r-release-linux-x86_64 | 1.0.4 | 16.70 | 240.57 | 257.27 | NOTE | |
r-release-macos-arm64 | 1.0.4 | 137.00 | NOTE | |||
r-release-macos-x86_64 | 1.0.4 | 332.00 | NOTE | |||
r-release-windows-x86_64 | 1.0.4 | 18.00 | 247.00 | 265.00 | NOTE | |
r-oldrel-macos-arm64 | 1.0.4 | 143.00 | OK | |||
r-oldrel-macos-x86_64 | 1.0.4 | 225.00 | OK | |||
r-oldrel-windows-x86_64 | 1.0.4 | 24.00 | 319.00 | 343.00 | OK |
Version: 1.0.4
Check: CRAN incoming feasibility
Result: NOTE
Maintainer: ‘Julian Kohne <julian.kohne@gesis.org>’
No Authors@R field in DESCRIPTION.
Please add one, modifying
Authors@R: person(given = "Julian",
family = "Kohne",
role = c("aut", "cre"),
email = "julian.kohne@gesis.org")
as necessary.
Flavors: r-devel-linux-x86_64-debian-clang, r-devel-linux-x86_64-debian-gcc
Version: 1.0.4
Check: DESCRIPTION meta-information
Result: NOTE
Missing dependency on R >= 4.1.0 because package code uses the pipe
|> or function shorthand \(...) syntax added in R 4.1.0.
File(s) using such syntax:
‘plot_network.R’
Flavors: r-devel-linux-x86_64-debian-clang, r-devel-linux-x86_64-debian-gcc, r-devel-linux-x86_64-fedora-clang, r-devel-linux-x86_64-fedora-gcc, r-devel-windows-x86_64, r-patched-linux-x86_64, r-release-linux-x86_64, r-release-macos-arm64, r-release-macos-x86_64, r-release-windows-x86_64
Version: 1.0.4
Check: examples
Result: NOTE
Examples with CPU (user + system) or elapsed time > 5s
user system elapsed
plot_locations 5.185 0.166 8.152
Flavor: r-devel-linux-x86_64-debian-clang
Version: 1.0.4
Check: examples
Result: NOTE
Examples with CPU (user + system) or elapsed time > 5s
user system elapsed
plot_locations 3.315 0.141 5.787
Flavor: r-devel-linux-x86_64-debian-gcc