Last updated on 2025-02-21 03:52:30 CET.
Flavor | Version | Tinstall | Tcheck | Ttotal | Status | Flags |
---|---|---|---|---|---|---|
r-devel-linux-x86_64-debian-clang | 1.0.1 | 375.03 | 149.03 | 524.06 | OK | |
r-devel-linux-x86_64-debian-gcc | 1.0.1 | 337.95 | 137.30 | 475.25 | OK | |
r-devel-linux-x86_64-fedora-clang | 1.0.1 | 787.33 | OK | |||
r-devel-linux-x86_64-fedora-gcc | 1.0.1 | 1086.11 | OK | |||
r-devel-macos-arm64 | 1.0.1 | 194.00 | OK | |||
r-devel-macos-x86_64 | 1.0.1 | 314.00 | OK | |||
r-devel-windows-x86_64 | 1.0.1 | 340.00 | 182.00 | 522.00 | OK | |
r-patched-linux-x86_64 | 1.0.1 | 417.18 | 178.91 | 596.09 | NOTE | |
r-release-linux-x86_64 | 1.0.1 | 429.39 | 177.82 | 607.21 | NOTE | |
r-release-macos-arm64 | 1.0.1 | 116.00 | NOTE | |||
r-release-macos-x86_64 | 1.0.1 | 139.00 | NOTE | |||
r-release-windows-x86_64 | 1.0.1 | 356.00 | 186.00 | 542.00 | NOTE | |
r-oldrel-macos-arm64 | 1.0.1 | 367.00 | NOTE | |||
r-oldrel-macos-x86_64 | 1.0.1 | 293.00 | NOTE | |||
r-oldrel-windows-x86_64 | 1.0.1 | 467.00 | 223.00 | 690.00 | NOTE |
Version: 1.0.1
Check: for GNU extensions in Makefiles
Result: NOTE
GNU make is a SystemRequirements.
Flavors: r-patched-linux-x86_64, r-release-linux-x86_64, r-release-macos-arm64, r-release-macos-x86_64, r-release-windows-x86_64, r-oldrel-macos-arm64, r-oldrel-macos-x86_64, r-oldrel-windows-x86_64
Version: 1.0.1
Check: installed package size
Result: NOTE
installed size is 92.1Mb
sub-directories of 1Mb or more:
data 4.2Mb
libs 87.3Mb
Flavors: r-release-macos-arm64, r-release-macos-x86_64, r-release-windows-x86_64, r-oldrel-macos-arm64, r-oldrel-macos-x86_64, r-oldrel-windows-x86_64