Last updated on 2025-11-04 03:51:13 CET.
| Flavor | Version | Tinstall | Tcheck | Ttotal | Status | Flags | 
|---|---|---|---|---|---|---|
| r-devel-linux-x86_64-debian-clang | 1.0 | 17.07 | 50.07 | 67.14 | NOTE | |
| r-devel-linux-x86_64-debian-gcc | 1.0 | 12.00 | 36.05 | 48.05 | NOTE | |
| r-devel-linux-x86_64-fedora-clang | 1.0 | 40.00 | 69.18 | 109.18 | OK | |
| r-devel-linux-x86_64-fedora-gcc | 1.0 | 36.00 | 66.23 | 102.23 | OK | |
| r-devel-windows-x86_64 | 1.0 | 22.00 | 79.00 | 101.00 | OK | |
| r-patched-linux-x86_64 | 1.0 | 19.16 | 45.83 | 64.99 | OK | |
| r-release-linux-x86_64 | 1.0 | 16.61 | 46.40 | 63.01 | OK | |
| r-release-macos-arm64 | 1.0 | 8.00 | 24.00 | 32.00 | OK | |
| r-release-macos-x86_64 | 1.0 | 13.00 | 40.00 | 53.00 | OK | |
| r-release-windows-x86_64 | 1.0 | 23.00 | 83.00 | 106.00 | OK | |
| r-oldrel-macos-arm64 | 1.0 | 8.00 | 22.00 | 30.00 | OK | |
| r-oldrel-macos-x86_64 | 1.0 | 11.00 | 33.00 | 44.00 | OK | |
| r-oldrel-windows-x86_64 | 1.0 | 28.00 | 97.00 | 125.00 | OK | 
Version: 1.0
Check: CRAN incoming feasibility
Result: NOTE
  Maintainer: ‘Kevin Duarte <k.duarte@chru-nancy.fr>’
  
  No Authors@R field in DESCRIPTION.
  Please add one, modifying
    Authors@R: c(person(given = "Kevin",
                        family = "Duarte",
                        role = c("aut", "cre"),
                        email = "k.duarte@chru-nancy.fr"),
                 person(given = c("Joao", "Pedro"),
                        family = "Ferreira",
                        role = "aut"))
  as necessary.
  
  Found the following URLs which should use \doi (with the DOI name only):
    File ‘WinRatio-package.Rd’:
      https://doi.org/10.1093/eurheartj/ehr352
      https://doi.org/10.1093/biostatistics/kxv032
Flavors: r-devel-linux-x86_64-debian-clang, r-devel-linux-x86_64-debian-gcc