CRAN Package Check Results for Package WinRatio

Last updated on 2025-04-30 04:50:23 CEST.

Flavor Version Tinstall Tcheck Ttotal Status Flags
r-devel-linux-x86_64-debian-clang 1.0 17.56 44.44 62.00 NOTE
r-devel-linux-x86_64-debian-gcc 1.0 13.06 32.91 45.97 NOTE
r-devel-linux-x86_64-fedora-clang 1.0 98.52 OK
r-devel-linux-x86_64-fedora-gcc 1.0 95.66 OK
r-devel-windows-x86_64 1.0 22.00 78.00 100.00 OK
r-patched-linux-x86_64 1.0 17.62 42.48 60.10 OK
r-release-linux-x86_64 1.0 16.30 42.13 58.43 OK
r-release-macos-arm64 1.0 32.00 OK
r-release-macos-x86_64 1.0 53.00 OK
r-release-windows-x86_64 1.0 22.00 77.00 99.00 OK
r-oldrel-macos-arm64 1.0 30.00 OK
r-oldrel-macos-x86_64 1.0 44.00 OK
r-oldrel-windows-x86_64 1.0 26.00 94.00 120.00 OK

Check Details

Version: 1.0
Check: CRAN incoming feasibility
Result: NOTE Maintainer: ‘Kevin Duarte <k.duarte@chru-nancy.fr>’ No Authors@R field in DESCRIPTION. Please add one, modifying Authors@R: c(person(given = "Kevin", family = "Duarte", role = c("aut", "cre"), email = "k.duarte@chru-nancy.fr"), person(given = c("Joao", "Pedro"), family = "Ferreira", role = "aut")) as necessary. Found the following URLs which should use \doi (with the DOI name only): File ‘WinRatio-package.Rd’: https://doi.org/10.1093/eurheartj/ehr352 https://doi.org/10.1093/biostatistics/kxv032 Flavors: r-devel-linux-x86_64-debian-clang, r-devel-linux-x86_64-debian-gcc