Last updated on 2025-02-21 03:52:30 CET.
Flavor | Version | Tinstall | Tcheck | Ttotal | Status | Flags |
---|---|---|---|---|---|---|
r-devel-linux-x86_64-debian-clang | 0.0.3 | 7.67 | 67.34 | 75.01 | NOTE | |
r-devel-linux-x86_64-debian-gcc | 0.0.3 | 5.74 | 50.11 | 55.85 | NOTE | |
r-devel-linux-x86_64-fedora-clang | 0.0.3 | 116.29 | OK | |||
r-devel-linux-x86_64-fedora-gcc | 0.0.3 | 127.30 | OK | |||
r-devel-macos-arm64 | 0.0.3 | 41.00 | OK | |||
r-devel-macos-x86_64 | 0.0.3 | 82.00 | OK | |||
r-devel-windows-x86_64 | 0.0.3 | 8.00 | 78.00 | 86.00 | NOTE | |
r-patched-linux-x86_64 | 0.0.3 | 8.30 | 62.93 | 71.23 | OK | |
r-release-linux-x86_64 | 0.0.3 | 7.16 | 62.85 | 70.01 | OK | |
r-release-macos-arm64 | 0.0.3 | 39.00 | OK | |||
r-release-macos-x86_64 | 0.0.3 | 62.00 | OK | |||
r-release-windows-x86_64 | 0.0.3 | 9.00 | 78.00 | 87.00 | OK | |
r-oldrel-macos-arm64 | 0.0.3 | 48.00 | OK | |||
r-oldrel-macos-x86_64 | 0.0.3 | 125.00 | OK | |||
r-oldrel-windows-x86_64 | 0.0.3 | 11.00 | 115.00 | 126.00 | OK |
Version: 0.0.3
Check: Rd cross-references
Result: NOTE
Found the following Rd file(s) with Rd \link{} targets missing package
anchors:
WoodburyMatrix-class.Rd: Matrix-class, symmetricMatrix-class
solve-methods.Rd: Matrix-class
Please provide package anchors for all Rd \link{} targets not in the
package itself and the base packages.
Flavors: r-devel-linux-x86_64-debian-clang, r-devel-linux-x86_64-debian-gcc, r-devel-windows-x86_64