Last updated on 2025-04-30 04:50:23 CEST.
Flavor | Version | Tinstall | Tcheck | Ttotal | Status | Flags |
---|---|---|---|---|---|---|
r-devel-linux-x86_64-debian-clang | 0.7.2 | 6.30 | 31.83 | 38.13 | NOTE | |
r-devel-linux-x86_64-debian-gcc | 0.7.2 | 4.43 | 23.69 | 28.12 | NOTE | |
r-devel-linux-x86_64-fedora-clang | 0.7.2 | 59.77 | OK | |||
r-devel-linux-x86_64-fedora-gcc | 0.7.2 | 57.29 | OK | |||
r-devel-windows-x86_64 | 0.7.2 | 7.00 | 58.00 | 65.00 | OK | |
r-patched-linux-x86_64 | 0.7.2 | 6.37 | 30.22 | 36.59 | OK | |
r-release-linux-x86_64 | 0.7.2 | 5.71 | 30.07 | 35.78 | OK | |
r-release-macos-arm64 | 0.7.2 | 20.00 | OK | |||
r-release-macos-x86_64 | 0.7.2 | 38.00 | OK | |||
r-release-windows-x86_64 | 0.7.2 | 7.00 | 56.00 | 63.00 | OK | |
r-oldrel-macos-arm64 | 0.7.2 | 20.00 | OK | |||
r-oldrel-macos-x86_64 | 0.7.2 | 29.00 | OK | |||
r-oldrel-windows-x86_64 | 0.7.2 | 8.00 | 57.00 | 65.00 | OK |
Version: 0.7.2
Check: CRAN incoming feasibility
Result: NOTE
Maintainer: ‘John Chambers <jmc@r-project.org>’
No Authors@R field in DESCRIPTION.
Please add one, modifying
Authors@R: c(person(given = c("John", "M."),
family = "Chambers",
role = "aut"),
person(given = "John",
family = "Chambers",
role = "cre",
email = "jmc@r-project.org"))
as necessary.
Flavors: r-devel-linux-x86_64-debian-clang, r-devel-linux-x86_64-debian-gcc