Last updated on 2025-04-30 04:50:23 CEST.
Flavor | Version | Tinstall | Tcheck | Ttotal | Status | Flags |
---|---|---|---|---|---|---|
r-devel-linux-x86_64-debian-clang | 0.8 | 4.56 | 32.57 | 37.13 | NOTE | |
r-devel-linux-x86_64-debian-gcc | 0.8 | 4.56 | 24.73 | 29.29 | NOTE | |
r-devel-linux-x86_64-fedora-clang | 0.8 | 59.97 | OK | |||
r-devel-linux-x86_64-fedora-gcc | 0.8 | 58.92 | OK | |||
r-devel-windows-x86_64 | 0.8 | 6.00 | 59.00 | 65.00 | OK | |
r-patched-linux-x86_64 | 0.8 | 6.37 | 30.99 | 37.36 | OK | |
r-release-linux-x86_64 | 0.8 | 5.39 | 30.64 | 36.03 | OK | |
r-release-macos-arm64 | 0.8 | 22.00 | OK | |||
r-release-macos-x86_64 | 0.8 | 37.00 | OK | |||
r-release-windows-x86_64 | 0.8 | 7.00 | 54.00 | 61.00 | OK | |
r-oldrel-macos-arm64 | 0.8 | 22.00 | OK | |||
r-oldrel-macos-x86_64 | 0.8 | 38.00 | OK | |||
r-oldrel-windows-x86_64 | 0.8 | 8.00 | 56.00 | 64.00 | OK |
Version: 0.8
Check: CRAN incoming feasibility
Result: NOTE
Maintainer: ‘John Chambers <jmc@r-project.org>’
No Authors@R field in DESCRIPTION.
Please add one, modifying
Authors@R: c(person(given = c("John", "M."),
family = "Chambers",
role = "aut"),
person(given = "John",
family = "Chambers",
role = "cre",
email = "jmc@r-project.org"))
as necessary.
Flavors: r-devel-linux-x86_64-debian-clang, r-devel-linux-x86_64-debian-gcc