CRAN Package Check Results for Package YieldCurve

Last updated on 2025-04-30 04:50:23 CEST.

Flavor Version Tinstall Tcheck Ttotal Status Flags
r-devel-linux-x86_64-debian-clang 5.1 2.30 31.92 34.22 NOTE
r-devel-linux-x86_64-debian-gcc 5.1 1.36 24.05 25.41 NOTE
r-devel-linux-x86_64-fedora-clang 5.1 53.64 OK
r-devel-linux-x86_64-fedora-gcc 5.1 51.70 OK
r-devel-windows-x86_64 5.1 3.00 63.00 66.00 OK
r-patched-linux-x86_64 5.1 2.37 30.44 32.81 OK
r-release-linux-x86_64 5.1 2.13 29.88 32.01 OK
r-release-macos-arm64 5.1 23.00 OK
r-release-macos-x86_64 5.1 47.00 OK
r-release-windows-x86_64 5.1 3.00 59.00 62.00 OK
r-oldrel-macos-arm64 5.1 22.00 OK
r-oldrel-macos-x86_64 5.1 33.00 OK
r-oldrel-windows-x86_64 5.1 4.00 62.00 66.00 OK

Check Details

Version: 5.1
Check: CRAN incoming feasibility
Result: NOTE Maintainer: ‘Sergio Salvino Guirreri <sergioguirreri@gmail.com>’ No Authors@R field in DESCRIPTION. Please add one, modifying Authors@R: person(given = c("Sergio", "Salvino"), family = "Guirreri", role = c("aut", "cre"), email = "sergioguirreri@gmail.com") as necessary. Package CITATION file contains call(s) to old-style personList() or as.personList(). Please use c() on person objects instead. Package CITATION file contains call(s) to old-style citEntry(). Please use bibentry() instead. Flavors: r-devel-linux-x86_64-debian-clang, r-devel-linux-x86_64-debian-gcc