Last updated on 2025-04-30 04:50:23 CEST.
Flavor | Version | Tinstall | Tcheck | Ttotal | Status | Flags |
---|---|---|---|---|---|---|
r-devel-linux-x86_64-debian-clang | 0.1.0 | 5.43 | 51.37 | 56.80 | NOTE | |
r-devel-linux-x86_64-debian-gcc | 0.1.0 | 3.92 | 36.39 | 40.31 | OK | |
r-devel-linux-x86_64-fedora-clang | 0.1.0 | 79.08 | OK | |||
r-devel-linux-x86_64-fedora-gcc | 0.1.0 | 77.37 | OK | |||
r-devel-windows-x86_64 | 0.1.0 | 6.00 | 66.00 | 72.00 | OK | |
r-patched-linux-x86_64 | 0.1.0 | 5.49 | 49.01 | 54.50 | OK | |
r-release-linux-x86_64 | 0.1.0 | 5.60 | 49.49 | 55.09 | OK | |
r-release-macos-arm64 | 0.1.0 | 27.00 | OK | |||
r-release-macos-x86_64 | 0.1.0 | 50.00 | OK | |||
r-release-windows-x86_64 | 0.1.0 | 6.00 | 65.00 | 71.00 | OK | |
r-oldrel-macos-arm64 | 0.1.0 | 26.00 | OK | |||
r-oldrel-macos-x86_64 | 0.1.0 | 51.00 | OK | |||
r-oldrel-windows-x86_64 | 0.1.0 | 8.00 | 80.00 | 88.00 | OK |
Version: 0.1.0
Check: examples
Result: NOTE
Examples with CPU (user + system) or elapsed time > 5s
user system elapsed
SIM_ZINAR 4.82 0.074 6.248
Flavor: r-devel-linux-x86_64-debian-clang