CRAN Package Check Results for Package ZIprop

Last updated on 2025-04-30 04:50:23 CEST.

Flavor Version Tinstall Tcheck Ttotal Status Flags
r-devel-linux-x86_64-debian-clang 0.1.1 3.69 137.07 140.76 NOTE
r-devel-linux-x86_64-debian-gcc 0.1.1 2.55 144.75 147.30 NOTE
r-devel-linux-x86_64-fedora-clang 0.1.1 155.70 OK
r-devel-linux-x86_64-fedora-gcc 0.1.1 176.72 OK
r-devel-windows-x86_64 0.1.1 4.00 92.00 96.00 OK
r-patched-linux-x86_64 0.1.1 3.70 144.03 147.73 OK
r-release-linux-x86_64 0.1.1 3.05 154.00 157.05 OK
r-release-macos-arm64 0.1.1 66.00 OK
r-release-macos-x86_64 0.1.1 98.00 OK
r-release-windows-x86_64 0.1.1 5.00 98.00 103.00 OK
r-oldrel-macos-arm64 0.1.1 38.00 OK
r-oldrel-macos-x86_64 0.1.1 92.00 OK
r-oldrel-windows-x86_64 0.1.1 6.00 107.00 113.00 OK

Check Details

Version: 0.1.1
Check: CRAN incoming feasibility
Result: NOTE Maintainer: ‘Melina Ribaud <melina.ribaud@gmail.com>’ No Authors@R field in DESCRIPTION. Please add one, modifying Authors@R: person(given = "Melina", family = "Ribaud", role = c("aut", "cre"), email = "melina.ribaud@gmail.com") as necessary. Flavors: r-devel-linux-x86_64-debian-clang, r-devel-linux-x86_64-debian-gcc