CRAN Package Check Results for Package ZeBook

Last updated on 2025-04-30 04:50:23 CEST.

Flavor Version Tinstall Tcheck Ttotal Status Flags
r-devel-linux-x86_64-debian-clang 1.1 37.13 49.51 86.64 NOTE
r-devel-linux-x86_64-debian-gcc 1.1 28.97 35.35 64.32 NOTE
r-devel-linux-x86_64-fedora-clang 1.1 129.66 OK
r-devel-linux-x86_64-fedora-gcc 1.1 130.46 OK
r-devel-windows-x86_64 1.1 38.00 84.00 122.00 OK
r-patched-linux-x86_64 1.1 38.92 47.11 86.03 NOTE
r-release-linux-x86_64 1.1 37.53 45.75 83.28 NOTE
r-release-macos-arm64 1.1 49.00 OK
r-release-macos-x86_64 1.1 84.00 OK
r-release-windows-x86_64 1.1 33.00 77.00 110.00 OK
r-oldrel-macos-arm64 1.1 46.00 OK
r-oldrel-macos-x86_64 1.1 69.00 OK
r-oldrel-windows-x86_64 1.1 36.00 83.00 119.00 OK

Check Details

Version: 1.1
Check: CRAN incoming feasibility
Result: NOTE Maintainer: ‘Francois Brun <francois.brun@acta.asso.fr>’ No Authors@R field in DESCRIPTION. Please add one, modifying Authors@R: c(person(given = "Francois", family = "Brun", role = c("aut", "cre"), email = "francois.brun@acta.asso.fr", comment = "ACTA"), person(given = "David", family = "Makowski", role = "aut", comment = "INRA"), person(given = "Daniel", family = "Wallach", role = "aut", comment = "INRA"), person(given = c("James", "W."), family = "Jones.", role = "aut", comment = "U.of Florida")) as necessary. Flavors: r-devel-linux-x86_64-debian-clang, r-devel-linux-x86_64-debian-gcc

Version: 1.1
Check: for unstated dependencies in ‘demo’
Result: NOTE 'library' or 'require' calls not declared from: ‘coda’ ‘dlm’ ‘maps’ ‘mgcv’ ‘mnormt’ ‘mvtnorm’ ‘randomForest’ ‘rpart’ ‘rpart.plot’ ‘sensitivity’ ‘sp’ ‘spatial’ ‘tseries’ Flavors: r-devel-linux-x86_64-debian-clang, r-devel-linux-x86_64-debian-gcc, r-patched-linux-x86_64, r-release-linux-x86_64