Last updated on 2025-04-30 04:49:59 CEST.
Flavor | Version | Tinstall | Tcheck | Ttotal | Status | Flags |
---|---|---|---|---|---|---|
r-devel-linux-x86_64-debian-clang | 2.2.2 | 9.40 | 176.87 | 186.27 | NOTE | |
r-devel-linux-x86_64-debian-gcc | 2.2.2 | 6.89 | 135.64 | 142.53 | NOTE | |
r-devel-linux-x86_64-fedora-clang | 2.2.2 | 288.83 | OK | |||
r-devel-linux-x86_64-fedora-gcc | 2.2.2 | 319.48 | OK | |||
r-devel-windows-x86_64 | 2.2.2 | 10.00 | 239.00 | 249.00 | OK | |
r-patched-linux-x86_64 | 2.2.2 | 10.19 | 173.30 | 183.49 | OK | |
r-release-linux-x86_64 | 2.2.2 | 8.24 | 174.11 | 182.35 | OK | |
r-release-macos-arm64 | 2.2.2 | 135.00 | OK | |||
r-release-macos-x86_64 | 2.2.2 | 289.00 | OK | |||
r-release-windows-x86_64 | 2.2.2 | 9.00 | 236.00 | 245.00 | OK | |
r-oldrel-macos-arm64 | 2.2.2 | 112.00 | OK | |||
r-oldrel-macos-x86_64 | 2.2.2 | 239.00 | OK | |||
r-oldrel-windows-x86_64 | 2.2.2 | 12.00 | 282.00 | 294.00 | OK |
Version: 2.2.2
Check: examples
Result: NOTE
Examples with CPU (user + system) or elapsed time > 5s
user system elapsed
gfitpca 6.974 0.020 10.913
gfit 4.010 0.027 5.440
Flavor: r-devel-linux-x86_64-debian-clang
Version: 2.2.2
Check: examples
Result: NOTE
Examples with CPU (user + system) or elapsed time > 5s
user system elapsed
gfitpca 4.543 0.011 6.343
gfit 3.419 0.046 5.346
Flavor: r-devel-linux-x86_64-debian-gcc