CRAN Package Check Results for Package abclass

Last updated on 2025-04-30 04:49:59 CEST.

Flavor Version Tinstall Tcheck Ttotal Status Flags
r-devel-linux-x86_64-debian-clang 0.4.0 381.82 35.73 417.55 NOTE
r-devel-linux-x86_64-debian-gcc 0.4.0 300.80 26.89 327.69 NOTE
r-devel-linux-x86_64-fedora-clang 0.4.0 769.24 NOTE
r-devel-linux-x86_64-fedora-gcc 0.4.0 901.41 NOTE
r-devel-windows-x86_64 0.4.0 435.00 99.00 534.00 NOTE
r-patched-linux-x86_64 0.4.0 419.09 32.88 451.97 NOTE
r-release-linux-x86_64 0.4.0 423.75 32.73 456.48 NOTE
r-release-macos-arm64 0.4.0 181.00 NOTE
r-release-macos-x86_64 0.4.0 147.00 NOTE
r-release-windows-x86_64 0.4.0 437.00 92.00 529.00 NOTE
r-oldrel-macos-arm64 0.4.0 185.00 NOTE
r-oldrel-macos-x86_64 0.4.0 130.00 NOTE
r-oldrel-windows-x86_64 0.4.0 479.00 113.00 592.00 NOTE

Check Details

Version: 0.4.0
Check: C++ specification
Result: NOTE Specified C++11: please drop specification unless essential Flavors: r-devel-linux-x86_64-debian-clang, r-devel-linux-x86_64-debian-gcc, r-devel-linux-x86_64-fedora-clang, r-devel-linux-x86_64-fedora-gcc, r-devel-windows-x86_64, r-patched-linux-x86_64, r-release-linux-x86_64, r-release-macos-arm64, r-release-macos-x86_64, r-release-windows-x86_64, r-oldrel-macos-arm64, r-oldrel-macos-x86_64, r-oldrel-windows-x86_64

Version: 0.4.0
Check: Rd files
Result: NOTE checkRd: (-1) abclass.Rd:133: Lost braces; missing escapes or markup? 133 | \code{abclass.control()} returns an object of class {abclass.control} | ^ checkRd: (-1) supclass.Rd:109: Lost braces; missing escapes or markup? 109 | to solve the equivalent linear programming problem via the package {Rglpk}. | ^ checkRd: (-1) supclass.Rd:110: Lost braces; missing escapes or markup? 110 | It is recommended to use a recent version of {GLPK}. | ^ Flavors: r-devel-linux-x86_64-debian-clang, r-devel-linux-x86_64-debian-gcc, r-devel-linux-x86_64-fedora-clang, r-devel-linux-x86_64-fedora-gcc, r-devel-windows-x86_64, r-patched-linux-x86_64, r-release-linux-x86_64, r-release-macos-arm64, r-release-macos-x86_64, r-release-windows-x86_64, r-oldrel-macos-arm64, r-oldrel-macos-x86_64, r-oldrel-windows-x86_64

Version: 0.4.0
Check: installed package size
Result: NOTE installed size is 29.7Mb sub-directories of 1Mb or more: libs 29.2Mb Flavors: r-oldrel-macos-arm64, r-oldrel-macos-x86_64