Last updated on 2025-04-30 04:49:59 CEST.
Flavor | Version | Tinstall | Tcheck | Ttotal | Status | Flags |
---|---|---|---|---|---|---|
r-devel-linux-x86_64-debian-clang | 5.1.2 | 17.49 | 143.25 | 160.74 | NOTE | |
r-devel-linux-x86_64-debian-gcc | 5.1.2 | 10.08 | 93.13 | 103.21 | NOTE | |
r-devel-linux-x86_64-fedora-clang | 5.1.2 | 242.42 | OK | |||
r-devel-linux-x86_64-fedora-gcc | 5.1.2 | 227.70 | OK | |||
r-devel-windows-x86_64 | 5.1.2 | 17.00 | 132.00 | 149.00 | OK | |
r-patched-linux-x86_64 | 5.1.2 | 17.30 | 130.97 | 148.27 | OK | |
r-release-linux-x86_64 | 5.1.2 | 16.08 | 133.10 | 149.18 | OK | |
r-release-macos-arm64 | 5.1.2 | 67.00 | OK | |||
r-release-macos-x86_64 | 5.1.2 | 141.00 | OK | |||
r-release-windows-x86_64 | 5.1.2 | 16.00 | 132.00 | 148.00 | OK | |
r-oldrel-macos-arm64 | 5.1.2 | 71.00 | OK | |||
r-oldrel-macos-x86_64 | 5.1.2 | 142.00 | OK | |||
r-oldrel-windows-x86_64 | 5.1.2 | 21.00 | 176.00 | 197.00 | OK |
Version: 5.1.2
Check: examples
Result: NOTE
Examples with CPU (user + system) or elapsed time > 5s
user system elapsed
plot.abe 12.036 0.135 18.280
pie.abe 8.250 0.062 10.687
abe.resampling 7.483 0.153 10.166
summary.abe 5.327 0.006 7.262
print.abe 4.391 0.041 6.579
Flavor: r-devel-linux-x86_64-debian-clang
Version: 5.1.2
Check: examples
Result: NOTE
Examples with CPU (user + system) or elapsed time > 5s
user system elapsed
plot.abe 7.231 0.099 9.451
pie.abe 5.028 0.118 6.451
abe.resampling 4.363 0.087 5.759
Flavor: r-devel-linux-x86_64-debian-gcc