Last updated on 2025-04-30 04:49:59 CEST.
Flavor | Version | Tinstall | Tcheck | Ttotal | Status | Flags |
---|---|---|---|---|---|---|
r-devel-linux-x86_64-debian-clang | 0.4.10 | 206.64 | 89.81 | 296.45 | OK | |
r-devel-linux-x86_64-debian-gcc | 0.4.10 | 180.96 | 75.81 | 256.77 | OK | |
r-devel-linux-x86_64-fedora-clang | 0.4.10 | 595.86 | OK | |||
r-devel-linux-x86_64-fedora-gcc | 0.4.10 | 593.75 | OK | |||
r-devel-windows-x86_64 | 0.4.10 | 210.00 | 140.00 | 350.00 | OK | |
r-patched-linux-x86_64 | 0.4.10 | 245.67 | 99.88 | 345.55 | OK | |
r-release-linux-x86_64 | 0.4.10 | 237.67 | 99.08 | 336.75 | OK | |
r-release-macos-arm64 | 0.4.10 | 147.00 | OK | |||
r-release-macos-x86_64 | 0.4.10 | 319.00 | OK | |||
r-release-windows-x86_64 | 0.4.10 | 199.00 | 141.00 | 340.00 | OK | |
r-oldrel-macos-arm64 | 0.4.10 | 146.00 | NOTE | |||
r-oldrel-macos-x86_64 | 0.4.10 | 327.00 | NOTE | |||
r-oldrel-windows-x86_64 | 0.4.10 | 225.00 | 165.00 | 390.00 | OK |
Version: 0.4.10
Check: installed package size
Result: NOTE
installed size is 107.0Mb
sub-directories of 1Mb or more:
libs 106.0Mb
Flavors: r-oldrel-macos-arm64, r-oldrel-macos-x86_64