Last updated on 2025-04-30 04:49:59 CEST.
Flavor | Version | Tinstall | Tcheck | Ttotal | Status | Flags |
---|---|---|---|---|---|---|
r-devel-linux-x86_64-debian-clang | 1.1 | 4.21 | 29.06 | 33.27 | NOTE | |
r-devel-linux-x86_64-debian-gcc | 1.1 | 2.64 | 21.47 | 24.11 | OK | |
r-devel-linux-x86_64-fedora-clang | 1.1 | 51.71 | OK | |||
r-devel-linux-x86_64-fedora-gcc | 1.1 | 50.38 | OK | |||
r-devel-windows-x86_64 | 1.1 | 6.00 | 53.00 | 59.00 | OK | |
r-patched-linux-x86_64 | 1.1 | 3.77 | 27.94 | 31.71 | OK | |
r-release-linux-x86_64 | 1.1 | 2.52 | 28.12 | 30.64 | OK | |
r-release-macos-arm64 | 1.1 | 22.00 | OK | |||
r-release-macos-x86_64 | 1.1 | 42.00 | OK | |||
r-release-windows-x86_64 | 1.1 | 7.00 | 50.00 | 57.00 | OK | |
r-oldrel-macos-arm64 | 1.1 | 26.00 | OK | |||
r-oldrel-macos-x86_64 | 1.1 | 42.00 | OK | |||
r-oldrel-windows-x86_64 | 1.1 | 6.00 | 56.00 | 62.00 | OK |
Version: 1.1
Check: examples
Result: NOTE
Examples with CPU (user + system) or elapsed time > 5s
user system elapsed
ablasso_uv 4.459 0.028 5.621
Flavor: r-devel-linux-x86_64-debian-clang