Last updated on 2025-04-30 04:49:59 CEST.
Flavor | Version | Tinstall | Tcheck | Ttotal | Status | Flags |
---|---|---|---|---|---|---|
r-devel-linux-x86_64-debian-clang | 1.0.10 | 41.48 | 351.24 | 392.72 | NOTE | |
r-devel-linux-x86_64-debian-gcc | 1.0.10 | 26.45 | 224.45 | 250.90 | NOTE | |
r-devel-linux-x86_64-fedora-clang | 1.0.10 | 646.04 | NOTE | |||
r-devel-linux-x86_64-fedora-gcc | 1.0.10 | 576.55 | NOTE | |||
r-devel-windows-x86_64 | 1.0.10 | 39.00 | 281.00 | 320.00 | NOTE | |
r-patched-linux-x86_64 | 1.0.10 | 39.01 | 325.18 | 364.19 | NOTE | |
r-release-linux-x86_64 | 1.0.10 | 34.99 | 329.16 | 364.15 | NOTE | |
r-release-macos-arm64 | 1.0.10 | 150.00 | NOTE | |||
r-release-macos-x86_64 | 1.0.10 | 272.00 | NOTE | |||
r-release-windows-x86_64 | 1.0.10 | 36.00 | 269.00 | 305.00 | NOTE | |
r-oldrel-macos-arm64 | 1.0.10 | 139.00 | NOTE | |||
r-oldrel-macos-x86_64 | 1.0.10 | 207.00 | NOTE | |||
r-oldrel-windows-x86_64 | 1.0.10 | 54.00 | 391.00 | 445.00 | NOTE |
Version: 1.0.10
Check: Rd files
Result: NOTE
checkRd: (-1) get_ex_data.Rd:31-32: Lost braces in \itemize; meant \describe ?
checkRd: (-1) get_ex_data.Rd:33: Lost braces in \itemize; meant \describe ?
checkRd: (-1) get_ex_data.Rd:34-35: Lost braces in \itemize; meant \describe ?
checkRd: (-1) get_ex_data.Rd:36: Lost braces in \itemize; meant \describe ?
checkRd: (-1) tidy_results.Rd:28-29: Lost braces in \itemize; meant \describe ?
checkRd: (-1) tidy_results.Rd:30: Lost braces in \itemize; meant \describe ?
Flavors: r-devel-linux-x86_64-debian-clang, r-devel-linux-x86_64-debian-gcc, r-devel-linux-x86_64-fedora-clang, r-devel-linux-x86_64-fedora-gcc, r-devel-windows-x86_64, r-patched-linux-x86_64, r-release-linux-x86_64, r-release-macos-arm64, r-release-macos-x86_64, r-release-windows-x86_64, r-oldrel-macos-arm64, r-oldrel-macos-x86_64, r-oldrel-windows-x86_64
Version: 1.0.10
Check: examples
Result: NOTE
Examples with CPU (user + system) or elapsed time > 5s
user system elapsed
energyVIZ 7.301 0.425 10.784
moveVIZ 4.753 0.137 6.575
moveSIM 4.308 0.138 5.408
Flavor: r-devel-linux-x86_64-debian-clang
Version: 1.0.10
Check: examples
Result: NOTE
Examples with CPU (user + system) or elapsed time > 5s
user system elapsed
energyVIZ 5.022 0.263 6.522
Flavor: r-devel-linux-x86_64-debian-gcc