CRAN Package Check Results for Package academictwitteR

Last updated on 2025-04-30 04:49:59 CEST.

Flavor Version Tinstall Tcheck Ttotal Status Flags
r-devel-linux-x86_64-debian-clang 0.3.1 4.91 75.06 79.97 NOTE
r-devel-linux-x86_64-debian-gcc 0.3.1 3.21 53.50 56.71 NOTE
r-devel-linux-x86_64-fedora-clang 0.3.1 124.29 NOTE
r-devel-linux-x86_64-fedora-gcc 0.3.1 133.71 NOTE
r-devel-windows-x86_64 0.3.1 7.00 103.00 110.00 NOTE
r-patched-linux-x86_64 0.3.1 5.77 70.93 76.70 NOTE
r-release-linux-x86_64 0.3.1 4.18 69.84 74.02 NOTE
r-release-macos-arm64 0.3.1 47.00 NOTE
r-release-macos-x86_64 0.3.1 96.00 NOTE
r-release-windows-x86_64 0.3.1 8.00 105.00 113.00 NOTE
r-oldrel-macos-arm64 0.3.1 49.00 NOTE
r-oldrel-macos-x86_64 0.3.1 81.00 NOTE
r-oldrel-windows-x86_64 0.3.1 9.00 122.00 131.00 NOTE

Check Details

Version: 0.3.1
Check: Rd files
Result: NOTE checkRd: (-1) bind_tweets.Rd:21: Lost braces in \itemize; meant \describe ? checkRd: (-1) bind_tweets.Rd:22: Lost braces in \itemize; meant \describe ? Flavors: r-devel-linux-x86_64-debian-clang, r-devel-linux-x86_64-debian-gcc, r-devel-linux-x86_64-fedora-clang, r-devel-linux-x86_64-fedora-gcc, r-devel-windows-x86_64, r-patched-linux-x86_64, r-release-linux-x86_64, r-release-macos-arm64, r-release-macos-x86_64, r-release-windows-x86_64, r-oldrel-macos-arm64, r-oldrel-macos-x86_64, r-oldrel-windows-x86_64