CRAN Package Check Results for Package accSDA

Last updated on 2025-04-30 04:49:59 CEST.

Flavor Version Tinstall Tcheck Ttotal Status Flags
r-devel-linux-x86_64-debian-clang 1.1.3 4.62 43.58 48.20 NOTE
r-devel-linux-x86_64-debian-gcc 1.1.3 3.23 30.54 33.77 NOTE
r-devel-linux-x86_64-fedora-clang 1.1.3 75.50 OK
r-devel-linux-x86_64-fedora-gcc 1.1.3 74.24 OK
r-devel-windows-x86_64 1.1.3 7.00 64.00 71.00 OK
r-patched-linux-x86_64 1.1.3 5.59 40.65 46.24 OK
r-release-linux-x86_64 1.1.3 5.20 41.31 46.51 OK
r-release-macos-arm64 1.1.3 25.00 OK
r-release-macos-x86_64 1.1.3 43.00 OK
r-release-windows-x86_64 1.1.3 7.00 64.00 71.00 OK
r-oldrel-macos-arm64 1.1.3 25.00 OK
r-oldrel-macos-x86_64 1.1.3 46.00 OK
r-oldrel-windows-x86_64 1.1.3 8.00 75.00 83.00 OK

Check Details

Version: 1.1.3
Check: CRAN incoming feasibility
Result: NOTE Maintainer: ‘Gudmundur Einarsson <gumeo140688@gmail.com>’ The Description field contains <arXiv:1705.07194>). Functions for performing cross validation are the package (See Ames and Hong, <arXiv:1401.5492>). See the 'github' Please refer to arXiv e-prints via their arXiv DOI <doi:10.48550/arXiv.YYMM.NNNNN>. Flavors: r-devel-linux-x86_64-debian-clang, r-devel-linux-x86_64-debian-gcc

Version: 1.1.3
Check: examples
Result: NOTE Examples with CPU (user + system) or elapsed time > 5s user system elapsed ASDA 3.458 0.044 5.08 Flavor: r-devel-linux-x86_64-debian-clang