CRAN Package Check Results for Package acepack

Last updated on 2025-04-30 04:49:59 CEST.

Flavor Version Tinstall Tcheck Ttotal Status Flags
r-devel-linux-x86_64-debian-clang 1.6.1 8.10 31.49 39.59 NOTE
r-devel-linux-x86_64-debian-gcc 1.6.1 5.07 23.02 28.09 OK
r-devel-linux-x86_64-fedora-clang 1.6.1 61.20 OK
r-devel-linux-x86_64-fedora-gcc 1.6.1 57.48 OK
r-devel-windows-x86_64 1.6.1 13.00 60.00 73.00 OK
r-patched-linux-x86_64 1.6.1 5.62 30.04 35.66 OK
r-release-linux-x86_64 1.6.1 5.69 29.96 35.65 OK
r-release-macos-arm64 1.6.1 29.00 OK
r-release-macos-x86_64 1.6.1 40.00 OK
r-release-windows-x86_64 1.6.1 14.00 58.00 72.00 OK
r-oldrel-macos-arm64 1.6.1 38.00 OK
r-oldrel-macos-x86_64 1.6.1 67.00 OK
r-oldrel-windows-x86_64 1.6.1 14.00 61.00 75.00 OK

Check Details

Version: 1.6.1
Check: examples
Result: NOTE Examples with CPU (user + system) or elapsed time > 5s user system elapsed ace.test 5.081 0.008 7.007 Flavor: r-devel-linux-x86_64-debian-clang