CRAN Package Check Results for Package acnr

Last updated on 2025-04-30 04:49:59 CEST.

Flavor Version Tinstall Tcheck Ttotal Status Flags
r-devel-linux-x86_64-debian-clang 1.0.0 1.81 43.11 44.92 NOTE
r-devel-linux-x86_64-debian-gcc 1.0.0 1.54 31.93 33.47 NOTE
r-devel-linux-x86_64-fedora-clang 1.0.0 69.93 OK
r-devel-linux-x86_64-fedora-gcc 1.0.0 82.16 OK
r-devel-windows-x86_64 1.0.0 3.00 66.00 69.00 OK
r-patched-linux-x86_64 1.0.0 1.85 42.69 44.54 OK
r-release-linux-x86_64 1.0.0 1.90 42.31 44.21 OK
r-release-macos-arm64 1.0.0 34.00 OK
r-release-macos-x86_64 1.0.0 63.00 OK
r-release-windows-x86_64 1.0.0 3.00 66.00 69.00 OK
r-oldrel-macos-arm64 1.0.0 39.00 OK
r-oldrel-macos-x86_64 1.0.0 47.00 OK
r-oldrel-windows-x86_64 1.0.0 3.00 69.00 72.00 OK

Check Details

Version: 1.0.0
Check: CRAN incoming feasibility
Result: NOTE Maintainer: ‘Morgane Pierre-Jean <morgane.pierrejean@genopole.cnrs.fr>’ Package CITATION file contains call(s) to old-style personList() or as.personList(). Please use c() on person objects instead. Package CITATION file contains call(s) to old-style citEntry(). Please use bibentry() instead. Flavors: r-devel-linux-x86_64-debian-clang, r-devel-linux-x86_64-debian-gcc