Last updated on 2025-04-30 04:49:59 CEST.
Flavor | Version | Tinstall | Tcheck | Ttotal | Status | Flags |
---|---|---|---|---|---|---|
r-devel-linux-x86_64-debian-clang | 0.9.4 | 4.87 | 36.22 | 41.09 | NOTE | |
r-devel-linux-x86_64-debian-gcc | 0.9.4 | 3.56 | 26.45 | 30.01 | NOTE | |
r-devel-linux-x86_64-fedora-clang | 0.9.4 | 65.05 | OK | |||
r-devel-linux-x86_64-fedora-gcc | 0.9.4 | 61.95 | OK | |||
r-devel-windows-x86_64 | 0.9.4 | 5.00 | 55.00 | 60.00 | OK | |
r-patched-linux-x86_64 | 0.9.4 | 4.42 | 34.18 | 38.60 | OK | |
r-release-linux-x86_64 | 0.9.4 | 4.17 | 34.96 | 39.13 | OK | |
r-release-macos-arm64 | 0.9.4 | 21.00 | OK | |||
r-release-macos-x86_64 | 0.9.4 | 36.00 | OK | |||
r-release-windows-x86_64 | 0.9.4 | 5.00 | 53.00 | 58.00 | OK | |
r-oldrel-macos-arm64 | 0.9.4 | 26.00 | OK | |||
r-oldrel-macos-x86_64 | 0.9.4 | 30.00 | OK | |||
r-oldrel-windows-x86_64 | 0.9.4 | 5.00 | 58.00 | 63.00 | OK |
Version: 0.9.4
Check: CRAN incoming feasibility
Result: NOTE
Maintainer: ‘Tomas Bacigal <bacigal@math.sk>’
No Authors@R field in DESCRIPTION.
Please add one, modifying
Authors@R: person(given = "Tomas",
family = "Bacigal",
role = c("aut", "cre"),
email = "bacigal@math.sk")
as necessary.
Flavors: r-devel-linux-x86_64-debian-clang, r-devel-linux-x86_64-debian-gcc
Version: 0.9.4
Check: examples
Result: NOTE
Examples with CPU (user + system) or elapsed time > 5s
user system elapsed
xCopula 5.798 0.072 7.536
Flavor: r-devel-linux-x86_64-debian-clang