CRAN Package Check Results for Package actel

Last updated on 2025-04-30 04:49:59 CEST.

Flavor Version Tinstall Tcheck Ttotal Status Flags
r-devel-linux-x86_64-debian-clang 1.3.0 18.54 152.52 171.06 OK
r-devel-linux-x86_64-debian-gcc 1.3.0 11.29 99.76 111.05 OK
r-devel-linux-x86_64-fedora-clang 1.3.0 263.48 NOTE
r-devel-linux-x86_64-fedora-gcc 1.3.0 267.22 NOTE
r-devel-windows-x86_64 1.3.0 22.00 184.00 206.00 OK
r-patched-linux-x86_64 1.3.0 21.83 142.12 163.95 OK
r-release-linux-x86_64 1.3.0 18.73 143.00 161.73 OK
r-release-macos-arm64 1.3.0 76.00 OK
r-release-macos-x86_64 1.3.0 154.00 OK
r-release-windows-x86_64 1.3.0 22.00 178.00 200.00 OK
r-oldrel-macos-arm64 1.3.0 75.00 OK
r-oldrel-macos-x86_64 1.3.0 144.00 OK
r-oldrel-windows-x86_64 1.3.0 32.00 218.00 250.00 OK

Check Details

Version: 1.3.0
Check: dependencies in R code
Result: NOTE Namespace in Imports field not imported from: ‘svglite’ All declared Imports should be used. Flavors: r-devel-linux-x86_64-fedora-clang, r-devel-linux-x86_64-fedora-gcc