Last updated on 2025-04-30 04:49:59 CEST.
Flavor | Version | Tinstall | Tcheck | Ttotal | Status | Flags |
---|---|---|---|---|---|---|
r-devel-linux-x86_64-debian-clang | 0.1.3 | 10.11 | 93.12 | 103.23 | OK | |
r-devel-linux-x86_64-debian-gcc | 0.1.3 | 7.25 | 62.61 | 69.86 | OK | |
r-devel-linux-x86_64-fedora-clang | 0.1.3 | 150.76 | OK | |||
r-devel-linux-x86_64-fedora-gcc | 0.1.3 | 141.54 | OK | |||
r-devel-windows-x86_64 | 0.1.3 | 11.00 | 96.00 | 107.00 | OK | |
r-patched-linux-x86_64 | 0.1.3 | 9.77 | 85.77 | 95.54 | OK | |
r-release-linux-x86_64 | 0.1.3 | 8.80 | 85.45 | 94.25 | OK | |
r-release-macos-arm64 | 0.1.3 | 43.00 | OK | |||
r-release-macos-x86_64 | 0.1.3 | 80.00 | OK | |||
r-release-windows-x86_64 | 0.1.3 | 14.00 | 97.00 | 111.00 | OK | |
r-oldrel-macos-arm64 | 0.1.3 | 43.00 | NOTE | |||
r-oldrel-macos-x86_64 | 0.1.3 | 76.00 | NOTE | |||
r-oldrel-windows-x86_64 | 0.1.3 | 16.00 | 125.00 | 141.00 | NOTE |
Version: 0.1.3
Check: LazyData
Result: NOTE
'LazyData' is specified without a 'data' directory
Flavors: r-oldrel-macos-arm64, r-oldrel-macos-x86_64, r-oldrel-windows-x86_64