Last updated on 2025-04-30 04:49:59 CEST.
Flavor | Version | Tinstall | Tcheck | Ttotal | Status | Flags |
---|---|---|---|---|---|---|
r-devel-linux-x86_64-debian-clang | 0.2.1 | 12.87 | 138.78 | 151.65 | NOTE | |
r-devel-linux-x86_64-debian-gcc | 0.2.1 | 10.34 | 91.87 | 102.21 | OK | |
r-devel-linux-x86_64-fedora-clang | 0.2.1 | 221.08 | OK | |||
r-devel-linux-x86_64-fedora-gcc | 0.2.1 | 227.41 | OK | |||
r-devel-windows-x86_64 | 0.2.1 | 14.00 | 139.00 | 153.00 | OK | |
r-patched-linux-x86_64 | 0.2.1 | 12.59 | 129.64 | 142.23 | OK | |
r-release-linux-x86_64 | 0.2.1 | 12.35 | 128.46 | 140.81 | OK | |
r-release-macos-arm64 | 0.2.1 | 76.00 | OK | |||
r-release-macos-x86_64 | 0.2.1 | 148.00 | OK | |||
r-release-windows-x86_64 | 0.2.1 | 16.00 | 140.00 | 156.00 | OK | |
r-oldrel-macos-arm64 | 0.2.1 | 71.00 | OK | |||
r-oldrel-macos-x86_64 | 0.2.1 | 190.00 | OK | |||
r-oldrel-windows-x86_64 | 0.2.1 | 19.00 | 187.00 | 206.00 | OK |
Version: 0.2.1
Check: examples
Result: NOTE
Examples with CPU (user + system) or elapsed time > 5s
user system elapsed
summary.act_tbl 5.264 0.004 6.856
parse_tcx 3.775 0.039 5.035
mutate_with_speed 3.269 0.218 5.157
Flavor: r-devel-linux-x86_64-debian-clang