CRAN Package Check Results for Package activegp

Last updated on 2025-04-30 04:49:59 CEST.

Flavor Version Tinstall Tcheck Ttotal Status Flags
r-devel-linux-x86_64-debian-clang 1.1.1 38.21 33.24 71.45 NOTE
r-devel-linux-x86_64-debian-gcc 1.1.1 27.21 25.04 52.25 NOTE
r-devel-linux-x86_64-fedora-clang 1.1.1 129.27 NOTE
r-devel-linux-x86_64-fedora-gcc 1.1.1 122.45 NOTE
r-devel-windows-x86_64 1.1.1 43.00 76.00 119.00 OK
r-patched-linux-x86_64 1.1.1 35.98 32.66 68.64 OK
r-release-linux-x86_64 1.1.1 36.49 32.55 69.04 OK
r-release-macos-arm64 1.1.1 52.00 OK
r-release-macos-x86_64 1.1.1 78.00 OK
r-release-windows-x86_64 1.1.1 44.00 78.00 122.00 OK
r-oldrel-macos-arm64 1.1.1 36.00 OK
r-oldrel-macos-x86_64 1.1.1 51.00 OK
r-oldrel-windows-x86_64 1.1.1 50.00 93.00 143.00 OK

Check Details

Version: 1.1.1
Check: CRAN incoming feasibility
Result: NOTE Maintainer: ‘Nathan Wycoff <nathan.wycoff@georgetown.edu>’ No Authors@R field in DESCRIPTION. Please add one, modifying Authors@R: c(person(given = "Nathan", family = "Wycoff", role = c("aut", "cre"), email = "nathan.wycoff@georgetown.edu"), person(given = "Mickael", family = "Binois", role = "aut")) as necessary. Flavors: r-devel-linux-x86_64-debian-clang, r-devel-linux-x86_64-debian-gcc

Version: 1.1.1
Check: dependencies in R code
Result: NOTE Namespaces in Imports field not imported from: ‘MASS’ ‘RcppProgress’ All declared Imports should be used. Flavors: r-devel-linux-x86_64-fedora-clang, r-devel-linux-x86_64-fedora-gcc