Last updated on 2025-02-21 03:52:06 CET.
Flavor | Version | Tinstall | Tcheck | Ttotal | Status | Flags |
---|---|---|---|---|---|---|
r-devel-linux-x86_64-debian-clang | 1.1.1 | 37.23 | 32.95 | 70.18 | OK | |
r-devel-linux-x86_64-debian-gcc | 1.1.1 | 25.40 | 24.13 | 49.53 | OK | |
r-devel-linux-x86_64-fedora-clang | 1.1.1 | 127.58 | NOTE | |||
r-devel-linux-x86_64-fedora-gcc | 1.1.1 | 127.18 | NOTE | |||
r-devel-macos-arm64 | 1.1.1 | 34.00 | OK | |||
r-devel-macos-x86_64 | 1.1.1 | 64.00 | OK | |||
r-devel-windows-x86_64 | 1.1.1 | 40.00 | 87.00 | 127.00 | OK | |
r-patched-linux-x86_64 | 1.1.1 | 36.02 | 31.46 | 67.48 | OK | |
r-release-linux-x86_64 | 1.1.1 | 35.55 | 31.27 | 66.82 | OK | |
r-release-macos-arm64 | 1.1.1 | 36.00 | OK | |||
r-release-macos-x86_64 | 1.1.1 | 51.00 | OK | |||
r-release-windows-x86_64 | 1.1.1 | 39.00 | 74.00 | 113.00 | OK | |
r-oldrel-macos-arm64 | 1.1.1 | 41.00 | OK | |||
r-oldrel-macos-x86_64 | 1.1.1 | 67.00 | OK | |||
r-oldrel-windows-x86_64 | 1.1.1 | 49.00 | 95.00 | 144.00 | OK |
Version: 1.1.1
Check: dependencies in R code
Result: NOTE
Namespaces in Imports field not imported from:
‘MASS’ ‘RcppProgress’
All declared Imports should be used.
Flavors: r-devel-linux-x86_64-fedora-clang, r-devel-linux-x86_64-fedora-gcc