Last updated on 2025-04-30 04:49:59 CEST.
Flavor | Version | Tinstall | Tcheck | Ttotal | Status | Flags |
---|---|---|---|---|---|---|
r-devel-linux-x86_64-debian-clang | 1.0.2 | 4.60 | 46.34 | 50.94 | NOTE | |
r-devel-linux-x86_64-debian-gcc | 1.0.2 | 3.13 | 31.41 | 34.54 | NOTE | |
r-devel-linux-x86_64-fedora-clang | 1.0.2 | 82.94 | NOTE | |||
r-devel-linux-x86_64-fedora-gcc | 1.0.2 | 77.90 | NOTE | |||
r-devel-windows-x86_64 | 1.0.2 | 6.00 | 66.00 | 72.00 | NOTE | |
r-patched-linux-x86_64 | 1.0.2 | 4.88 | 44.20 | 49.08 | NOTE | |
r-release-linux-x86_64 | 1.0.2 | 3.85 | 43.85 | 47.70 | NOTE | |
r-release-macos-arm64 | 1.0.2 | 35.00 | NOTE | |||
r-release-macos-x86_64 | 1.0.2 | 51.00 | NOTE | |||
r-release-windows-x86_64 | 1.0.2 | 6.00 | 65.00 | 71.00 | NOTE | |
r-oldrel-macos-arm64 | 1.0.2 | 26.00 | NOTE | |||
r-oldrel-macos-x86_64 | 1.0.2 | 39.00 | NOTE | |||
r-oldrel-windows-x86_64 | 1.0.2 | 7.00 | 80.00 | 87.00 | NOTE |
Version: 1.0.2
Check: Rd files
Result: NOTE
checkRd: (-1) est_S_Plus_Plus_MethodA.Rd:31: Lost braces; missing escapes or markup?
31 | \item{trt_diff}{Estimate of treatment difference for S_{++} using Method A}
| ^
checkRd: (-1) est_S_Plus_Plus_MethodB.Rd:31: Lost braces; missing escapes or markup?
31 | \item{trt_diff}{Estimate of treatment difference for S_{++} using Method B}
| ^
checkRd: (-1) est_S_Star_Plus_MethodA.Rd:29: Lost braces; missing escapes or markup?
29 | \item{trt_diff}{Estimate of treatment difference for S_{++} using Method A}
| ^
checkRd: (-1) est_S_Star_Plus_MethodB.Rd:29: Lost braces; missing escapes or markup?
29 | \item{trt_diff}{Estimate of treatment difference for S_{*+} using Method B}
| ^
Flavors: r-devel-linux-x86_64-debian-clang, r-devel-linux-x86_64-debian-gcc, r-devel-linux-x86_64-fedora-clang, r-devel-linux-x86_64-fedora-gcc, r-devel-windows-x86_64, r-patched-linux-x86_64, r-release-linux-x86_64, r-release-macos-arm64, r-release-macos-x86_64, r-release-windows-x86_64, r-oldrel-macos-arm64, r-oldrel-macos-x86_64, r-oldrel-windows-x86_64
Version: 1.0.2
Check: examples
Result: NOTE
Examples with CPU (user + system) or elapsed time > 5s
user system elapsed
est_S_Plus_Plus_MethodA 4.884 0.137 5.666
est_S_Plus_Plus_MethodB 4.620 0.091 5.194
Flavor: r-devel-linux-x86_64-debian-clang