Last updated on 2025-04-30 04:49:59 CEST.
Flavor | Version | Tinstall | Tcheck | Ttotal | Status | Flags |
---|---|---|---|---|---|---|
r-devel-linux-x86_64-debian-clang | 1.2 | 2.93 | 33.94 | 36.87 | NOTE | |
r-devel-linux-x86_64-debian-gcc | 1.2 | 2.31 | 23.36 | 25.67 | OK | |
r-devel-linux-x86_64-fedora-clang | 1.2 | 55.57 | OK | |||
r-devel-linux-x86_64-fedora-gcc | 1.2 | 53.71 | OK | |||
r-devel-windows-x86_64 | 1.2 | 4.00 | 56.00 | 60.00 | OK | |
r-patched-linux-x86_64 | 1.2 | 3.93 | 31.70 | 35.63 | OK | |
r-release-linux-x86_64 | 1.2 | 2.09 | 31.85 | 33.94 | OK | |
r-release-macos-arm64 | 1.2 | 21.00 | OK | |||
r-release-macos-x86_64 | 1.2 | 38.00 | OK | |||
r-release-windows-x86_64 | 1.2 | 3.00 | 53.00 | 56.00 | OK | |
r-oldrel-macos-arm64 | 1.2 | 25.00 | OK | |||
r-oldrel-macos-x86_64 | 1.2 | 44.00 | OK | |||
r-oldrel-windows-x86_64 | 1.2 | 4.00 | 60.00 | 64.00 | OK |
Version: 1.2
Check: examples
Result: NOTE
Examples with CPU (user + system) or elapsed time > 5s
user system elapsed
a1Table 6.961 0.001 8.902
Flavor: r-devel-linux-x86_64-debian-clang