Last updated on 2025-04-30 04:49:59 CEST.
Flavor | Version | Tinstall | Tcheck | Ttotal | Status | Flags |
---|---|---|---|---|---|---|
r-devel-linux-x86_64-debian-clang | 1.4.0 | 6.98 | 141.34 | 148.32 | NOTE | |
r-devel-linux-x86_64-debian-gcc | 1.4.0 | 5.01 | 97.68 | 102.69 | OK | |
r-devel-linux-x86_64-fedora-clang | 1.4.0 | 228.23 | OK | |||
r-devel-linux-x86_64-fedora-gcc | 1.4.0 | 237.99 | OK | |||
r-devel-windows-x86_64 | 1.4.0 | 8.00 | 424.00 | 432.00 | OK | |
r-patched-linux-x86_64 | 1.4.0 | 8.48 | 135.65 | 144.13 | OK | |
r-release-linux-x86_64 | 1.4.0 | 6.04 | 136.32 | 142.36 | OK | |
r-release-macos-arm64 | 1.4.0 | 164.00 | OK | |||
r-release-macos-x86_64 | 1.4.0 | 357.00 | OK | |||
r-release-windows-x86_64 | 1.4.0 | 10.00 | 403.00 | 413.00 | OK | |
r-oldrel-macos-arm64 | 1.4.0 | 158.00 | OK | |||
r-oldrel-macos-x86_64 | 1.4.0 | 306.00 | OK | |||
r-oldrel-windows-x86_64 | 1.4.0 | 8.00 | 487.00 | 495.00 | OK |
Version: 1.4.0
Check: examples
Result: NOTE
Examples with CPU (user + system) or elapsed time > 5s
user system elapsed
plot_convergence 4.501 0.2 6.602
Flavor: r-devel-linux-x86_64-debian-clang