Last updated on 2025-04-30 04:49:59 CEST.
Flavor | Version | Tinstall | Tcheck | Ttotal | Status | Flags |
---|---|---|---|---|---|---|
r-devel-linux-x86_64-debian-clang | 1.0.1 | 2.27 | 42.78 | 45.05 | NOTE | |
r-devel-linux-x86_64-debian-gcc | 1.0.1 | 1.80 | 31.79 | 33.59 | NOTE | |
r-devel-linux-x86_64-fedora-clang | 1.0.1 | 69.61 | OK | |||
r-devel-linux-x86_64-fedora-gcc | 1.0.1 | 66.55 | OK | |||
r-devel-windows-x86_64 | 1.0.1 | 4.00 | 62.00 | 66.00 | OK | |
r-patched-linux-x86_64 | 1.0.1 | 2.45 | 41.36 | 43.81 | OK | |
r-release-linux-x86_64 | 1.0.1 | 2.05 | 39.79 | 41.84 | OK | |
r-release-macos-arm64 | 1.0.1 | 26.00 | OK | |||
r-release-macos-x86_64 | 1.0.1 | 44.00 | OK | |||
r-release-windows-x86_64 | 1.0.1 | 4.00 | 61.00 | 65.00 | OK | |
r-oldrel-macos-arm64 | 1.0.1 | 27.00 | OK | |||
r-oldrel-macos-x86_64 | 1.0.1 | 60.00 | OK | |||
r-oldrel-windows-x86_64 | 1.0.1 | 4.00 | 70.00 | 74.00 | OK |
Version: 1.0.1
Check: CRAN incoming feasibility
Result: NOTE
Maintainer: ‘Fabio Centofanti <fabio.centofanti@unina.it>’
The BugReports field in DESCRIPTION has
https://github.com/unina-sfere/adass
which should likely be
https://github.com/unina-sfere/adass/issues
instead.
Flavors: r-devel-linux-x86_64-debian-clang, r-devel-linux-x86_64-debian-gcc
Version: 1.0.1
Check: examples
Result: NOTE
Examples with CPU (user + system) or elapsed time > 5s
user system elapsed
adass.fr 3.492 0.134 5.355
Flavor: r-devel-linux-x86_64-debian-clang