Last updated on 2025-04-30 04:49:59 CEST.
Flavor | Version | Tinstall | Tcheck | Ttotal | Status | Flags |
---|---|---|---|---|---|---|
r-devel-linux-x86_64-debian-clang | 1.1-4.2 | 1.77 | 28.13 | 29.90 | NOTE | |
r-devel-linux-x86_64-debian-gcc | 1.1-4.2 | 1.45 | 21.48 | 22.93 | NOTE | |
r-devel-linux-x86_64-fedora-clang | 1.1-4.2 | 45.13 | OK | |||
r-devel-linux-x86_64-fedora-gcc | 1.1-4.2 | 70.35 | OK | |||
r-devel-windows-x86_64 | 1.1-4.2 | 3.00 | 51.00 | 54.00 | OK | |
r-patched-linux-x86_64 | 1.1-4.2 | 1.95 | 25.43 | 27.38 | OK | |
r-release-linux-x86_64 | 1.1-4.2 | 1.96 | 25.19 | 27.15 | OK | |
r-release-macos-arm64 | 1.1-4.2 | 26.00 | OK | |||
r-release-macos-x86_64 | 1.1-4.2 | 51.00 | OK | |||
r-release-windows-x86_64 | 1.1-4.2 | 3.00 | 50.00 | 53.00 | OK | |
r-oldrel-macos-arm64 | 1.1-4.2 | 30.00 | OK | |||
r-oldrel-macos-x86_64 | 1.1-4.2 | 38.00 | OK | |||
r-oldrel-windows-x86_64 | 1.1-4.2 | 6.00 | 51.00 | 57.00 | OK |
Version: 1.1-4.2
Check: CRAN incoming feasibility
Result: NOTE
Maintainer: ‘Petr Simecek <simecek@gmail.com>’
No Authors@R field in DESCRIPTION.
Please add one, modifying
Authors@R: c(person(given = "Marie",
family = "Simeckova",
role = "aut"),
person(given = "Thomas",
family = "Rusch",
role = "aut"),
person(given = "Petr",
family = "Simecek",
role = "cre",
email = "simecek@gmail.com"))
as necessary.
Flavors: r-devel-linux-x86_64-debian-clang, r-devel-linux-x86_64-debian-gcc