Last updated on 2025-04-30 04:49:59 CEST.
Flavor | Version | Tinstall | Tcheck | Ttotal | Status | Flags |
---|---|---|---|---|---|---|
r-devel-linux-x86_64-debian-clang | 3.0 | 10.36 | 84.86 | 95.22 | NOTE | |
r-devel-linux-x86_64-debian-gcc | 3.0 | 7.10 | 59.93 | 67.03 | NOTE | |
r-devel-linux-x86_64-fedora-clang | 3.0 | 157.49 | OK | |||
r-devel-linux-x86_64-fedora-gcc | 3.0 | 137.42 | OK | |||
r-devel-windows-x86_64 | 3.0 | 12.00 | 106.00 | 118.00 | OK | |
r-patched-linux-x86_64 | 3.0 | 9.42 | 79.61 | 89.03 | OK | |
r-release-linux-x86_64 | 3.0 | 10.07 | 79.26 | 89.33 | OK | |
r-release-macos-arm64 | 3.0 | 48.00 | OK | |||
r-release-macos-x86_64 | 3.0 | 100.00 | OK | |||
r-release-windows-x86_64 | 3.0 | 15.00 | 100.00 | 115.00 | OK | |
r-oldrel-macos-arm64 | 3.0 | 39.00 | NOTE | |||
r-oldrel-macos-x86_64 | 3.0 | 70.00 | NOTE | |||
r-oldrel-windows-x86_64 | 3.0 | 15.00 | 123.00 | 138.00 | NOTE |
Version: 3.0
Check: CRAN incoming feasibility
Result: NOTE
Maintainer: ‘Mark W. Donoghoe <markdonoghoe@gmail.com>’
Package CITATION file contains call(s) to old-style personList() or
as.personList(). Please use c() on person objects instead.
Package CITATION file contains call(s) to old-style citEntry(). Please
use bibentry() instead.
Flavors: r-devel-linux-x86_64-debian-clang, r-devel-linux-x86_64-debian-gcc
Version: 3.0
Check: examples
Result: NOTE
Examples with CPU (user + system) or elapsed time > 5s
user system elapsed
addreg 6.554 0.049 8.969
Flavor: r-devel-linux-x86_64-debian-clang
Version: 3.0
Check: LazyData
Result: NOTE
'LazyData' is specified without a 'data' directory
Flavors: r-oldrel-macos-arm64, r-oldrel-macos-x86_64, r-oldrel-windows-x86_64