Last updated on 2025-02-21 03:52:06 CET.
Flavor | Version | Tinstall | Tcheck | Ttotal | Status | Flags |
---|---|---|---|---|---|---|
r-devel-linux-x86_64-debian-clang | 1.7-23 | 75.57 | 303.08 | 378.65 | OK | |
r-devel-linux-x86_64-debian-gcc | 1.7-23 | 50.64 | 196.10 | 246.74 | OK | |
r-devel-linux-x86_64-fedora-clang | 1.7-23 | 610.92 | NOTE | |||
r-devel-linux-x86_64-fedora-gcc | 1.7-23 | 613.31 | NOTE | |||
r-devel-macos-arm64 | 1.7-22 | 134.00 | NOTE | |||
r-devel-macos-x86_64 | 1.7-23 | 377.00 | OK | |||
r-devel-windows-x86_64 | 1.7-23 | 63.00 | 362.00 | 425.00 | OK | |
r-patched-linux-x86_64 | 1.7-23 | 82.48 | 287.99 | 370.47 | OK | |
r-release-linux-x86_64 | 1.7-23 | 69.25 | 279.39 | 348.64 | OK | |
r-release-macos-arm64 | 1.7-22 | 140.00 | NOTE | |||
r-release-macos-x86_64 | 1.7-23 | 392.00 | NOTE | |||
r-release-windows-x86_64 | 1.7-23 | 79.00 | 372.00 | 451.00 | NOTE | |
r-oldrel-macos-arm64 | 1.7-22 | 147.00 | NOTE | |||
r-oldrel-macos-x86_64 | 1.7-23 | 281.00 | NOTE | |||
r-oldrel-windows-x86_64 | 1.7-23 | 96.00 | 477.00 | 573.00 | NOTE |
Version: 1.7-23
Check: dependencies in R code
Result: NOTE
Namespace in Imports field not imported from: ‘sp’
All declared Imports should be used.
Flavors: r-devel-linux-x86_64-fedora-clang, r-devel-linux-x86_64-fedora-gcc
Version: 1.7-22
Check: Rd files
Result: NOTE
checkRd: (-1) varipart.Rd:19: Lost braces
19 | \item{type}{a character specifying the algorithm which should be used to adjust R-squared (either \code{"simulated"} or \ code{"parametric"}).}
| ^
Flavors: r-devel-macos-arm64, r-release-macos-arm64
Version: 1.7-22
Check: installed package size
Result: NOTE
installed size is 9.1Mb
sub-directories of 1Mb or more:
R 2.0Mb
data 3.0Mb
libs 2.5Mb
Flavors: r-release-macos-arm64, r-oldrel-macos-arm64
Version: 1.7-23
Check: installed package size
Result: NOTE
installed size is 9.3Mb
sub-directories of 1Mb or more:
R 2.0Mb
data 2.9Mb
libs 2.7Mb
Flavors: r-release-macos-x86_64, r-release-windows-x86_64, r-oldrel-macos-x86_64, r-oldrel-windows-x86_64