CRAN Package Check Results for Package ade4

Last updated on 2025-04-30 04:49:59 CEST.

Flavor Version Tinstall Tcheck Ttotal Status Flags
r-devel-linux-x86_64-debian-clang 1.7-23 74.47 305.09 379.56 NOTE
r-devel-linux-x86_64-debian-gcc 1.7-23 48.31 193.91 242.22 OK
r-devel-linux-x86_64-fedora-clang 1.7-23 661.91 NOTE
r-devel-linux-x86_64-fedora-gcc 1.7-23 653.99 NOTE
r-devel-windows-x86_64 1.7-23 83.00 418.00 501.00 OK
r-patched-linux-x86_64 1.7-23 77.87 290.82 368.69 OK
r-release-linux-x86_64 1.7-23 77.97 288.55 366.52 OK
r-release-macos-arm64 1.7-23 162.00 OK
r-release-macos-x86_64 1.7-23 407.00 OK
r-release-windows-x86_64 1.7-23 82.00 400.00 482.00 OK
r-oldrel-macos-arm64 1.7-23 146.00 NOTE
r-oldrel-macos-x86_64 1.7-23 392.00 NOTE
r-oldrel-windows-x86_64 1.7-23 101.00 511.00 612.00 NOTE

Check Details

Version: 1.7-23
Check: examples
Result: NOTE Examples with CPU (user + system) or elapsed time > 5s user system elapsed fourthcorner 4.897 0.000 6.664 maples 4.234 0.103 5.023 Flavor: r-devel-linux-x86_64-debian-clang

Version: 1.7-23
Check: dependencies in R code
Result: NOTE Namespace in Imports field not imported from: ‘sp’ All declared Imports should be used. Flavors: r-devel-linux-x86_64-fedora-clang, r-devel-linux-x86_64-fedora-gcc

Version: 1.7-23
Check: installed package size
Result: NOTE installed size is 9.3Mb sub-directories of 1Mb or more: R 2.0Mb data 2.9Mb libs 2.6Mb Flavors: r-oldrel-macos-arm64, r-oldrel-macos-x86_64, r-oldrel-windows-x86_64