Last updated on 2025-04-30 04:49:59 CEST.
Flavor | Version | Tinstall | Tcheck | Ttotal | Status | Flags |
---|---|---|---|---|---|---|
r-devel-linux-x86_64-debian-clang | 1.5.2 | 7.99 | 92.38 | 100.37 | OK | |
r-devel-linux-x86_64-debian-gcc | 1.5.2 | 5.86 | 62.40 | 68.26 | NOTE | |
r-devel-linux-x86_64-fedora-clang | 1.5.2 | 174.80 | OK | |||
r-devel-linux-x86_64-fedora-gcc | 1.5.2 | 166.09 | OK | |||
r-devel-windows-x86_64 | 1.5.2 | 11.00 | 103.00 | 114.00 | OK | |
r-patched-linux-x86_64 | 1.5.2 | 9.78 | 86.87 | 96.65 | OK | |
r-release-linux-x86_64 | 1.5.2 | 7.79 | 86.43 | 94.22 | OK | |
r-release-macos-arm64 | 1.5.2 | 67.00 | OK | |||
r-release-macos-x86_64 | 1.5.2 | 113.00 | OK | |||
r-release-windows-x86_64 | 1.5.2 | 10.00 | 103.00 | 113.00 | OK | |
r-oldrel-macos-arm64 | 1.5.2 | 211.00 | OK | |||
r-oldrel-macos-x86_64 | 1.5.2 | 246.00 | OK | |||
r-oldrel-windows-x86_64 | 1.5.2 | 12.00 | 117.00 | 129.00 | OK |
Version: 1.5.2
Check: examples
Result: NOTE
Examples with CPU time > 2.5 times elapsed time
user system elapsed ratio
adea_loads 1.429 0.087 0.049 30.939
Flavor: r-devel-linux-x86_64-debian-gcc