Last updated on 2025-04-30 04:49:59 CEST.
Flavor | Version | Tinstall | Tcheck | Ttotal | Status | Flags |
---|---|---|---|---|---|---|
r-devel-linux-x86_64-debian-clang | 2.1.11 | 26.10 | 189.98 | 216.08 | OK | |
r-devel-linux-x86_64-debian-gcc | 2.1.11 | 19.13 | 132.09 | 151.22 | OK | |
r-devel-linux-x86_64-fedora-clang | 2.1.11 | 363.29 | OK | |||
r-devel-linux-x86_64-fedora-gcc | 2.1.11 | 343.19 | OK | |||
r-devel-windows-x86_64 | 2.1.11 | 33.00 | 217.00 | 250.00 | OK | |
r-patched-linux-x86_64 | 2.1.11 | 32.07 | 182.98 | 215.05 | OK | |
r-release-linux-x86_64 | 2.1.11 | 30.93 | 181.72 | 212.65 | OK | |
r-release-macos-arm64 | 2.1.11 | 107.00 | OK | |||
r-release-macos-x86_64 | 2.1.11 | 178.00 | OK | |||
r-release-windows-x86_64 | 2.1.11 | 38.00 | 208.00 | 246.00 | OK | |
r-oldrel-macos-arm64 | 2.1.11 | 84.00 | NOTE | |||
r-oldrel-macos-x86_64 | 2.1.11 | 214.00 | OK | |||
r-oldrel-windows-x86_64 | 2.1.11 | 41.00 | 276.00 | 317.00 | OK |
Version: 2.1.11
Check: installed package size
Result: NOTE
installed size is 5.8Mb
sub-directories of 1Mb or more:
R 2.1Mb
data 1.3Mb
files 1.7Mb
Flavor: r-oldrel-macos-arm64