Last updated on 2025-04-30 04:49:59 CEST.
Flavor | Version | Tinstall | Tcheck | Ttotal | Status | Flags |
---|---|---|---|---|---|---|
r-devel-linux-x86_64-debian-clang | 1.2 | 13.58 | 321.81 | 335.39 | NOTE | |
r-devel-linux-x86_64-debian-gcc | 1.2 | 8.61 | 253.31 | 261.92 | NOTE | |
r-devel-linux-x86_64-fedora-clang | 1.2 | 545.08 | OK | |||
r-devel-linux-x86_64-fedora-gcc | 1.2 | 515.05 | OK | |||
r-devel-windows-x86_64 | 1.2 | 14.00 | 138.00 | 152.00 | OK | --no-vignettes |
r-patched-linux-x86_64 | 1.2 | 11.86 | 306.50 | 318.36 | OK | |
r-release-linux-x86_64 | 1.2 | 12.34 | 306.66 | 319.00 | OK | |
r-release-macos-arm64 | 1.2 | 170.00 | OK | |||
r-release-macos-x86_64 | 1.2 | 434.00 | OK | |||
r-release-windows-x86_64 | 1.2 | 15.00 | 133.00 | 148.00 | OK | --no-vignettes |
r-oldrel-macos-arm64 | 1.2 | 163.00 | NOTE | |||
r-oldrel-macos-x86_64 | 1.2 | 252.00 | NOTE | |||
r-oldrel-windows-x86_64 | 1.2 | 18.00 | 153.00 | 171.00 | NOTE | --no-vignettes |
Version: 1.2
Check: CRAN incoming feasibility
Result: NOTE
Maintainer: ‘Marta Karas <marta.karass@gmail.com>’
Package CITATION file contains call(s) to old-style citEntry(). Please
use bibentry() instead.
Flavors: r-devel-linux-x86_64-debian-clang, r-devel-linux-x86_64-debian-gcc
Version: 1.2
Check: examples
Result: NOTE
Examples with CPU (user + system) or elapsed time > 5s
user system elapsed
segmentWalking 5.125 0.497 6.977
Flavor: r-devel-linux-x86_64-debian-clang
Version: 1.2
Check: examples
Result: NOTE
Examples with CPU (user + system) or elapsed time > 5s
user system elapsed
segmentWalking 4.457 0.316 6.286
Flavor: r-devel-linux-x86_64-debian-gcc
Version: 1.2
Check: installed package size
Result: NOTE
installed size is 5.1Mb
sub-directories of 1Mb or more:
doc 4.7Mb
Flavors: r-oldrel-macos-arm64, r-oldrel-macos-x86_64
Version: 1.2
Check: LazyData
Result: NOTE
'LazyData' is specified without a 'data' directory
Flavors: r-oldrel-macos-arm64, r-oldrel-macos-x86_64
Version: 1.2
Flags: --no-vignettes
Check: installed package size
Result: NOTE
installed size is 5.1Mb
sub-directories of 1Mb or more:
doc 4.7Mb
Flavor: r-oldrel-windows-x86_64
Version: 1.2
Flags: --no-vignettes
Check: LazyData
Result: NOTE
'LazyData' is specified without a 'data' directory
Flavor: r-oldrel-windows-x86_64