Last updated on 2025-04-30 04:49:59 CEST.
Flavor | Version | Tinstall | Tcheck | Ttotal | Status | Flags |
---|---|---|---|---|---|---|
r-devel-linux-x86_64-debian-clang | 0.3-28 | 30.55 | 354.68 | 385.23 | NOTE | |
r-devel-linux-x86_64-debian-gcc | 0.3-28 | 19.80 | 251.15 | 270.95 | OK | |
r-devel-linux-x86_64-fedora-clang | 0.3-28 | 644.35 | OK | |||
r-devel-linux-x86_64-fedora-gcc | 0.3-28 | 643.57 | OK | |||
r-devel-windows-x86_64 | 0.3-28 | 36.00 | 347.00 | 383.00 | OK | |
r-patched-linux-x86_64 | 0.3-28 | 34.43 | 344.83 | 379.26 | OK | |
r-release-linux-x86_64 | 0.3-28 | 28.61 | 340.35 | 368.96 | OK | |
r-release-macos-arm64 | 0.3-28 | 159.00 | OK | |||
r-release-macos-x86_64 | 0.3-28 | 251.00 | OK | |||
r-release-windows-x86_64 | 0.3-28 | 36.00 | 341.00 | 377.00 | OK | |
r-oldrel-macos-arm64 | 0.3-28 | 159.00 | OK | |||
r-oldrel-macos-x86_64 | 0.3-28 | 271.00 | OK | |||
r-oldrel-windows-x86_64 | 0.3-28 | 48.00 | 459.00 | 507.00 | OK |
Version: 0.3-28
Check: examples
Result: NOTE
Examples with CPU (user + system) or elapsed time > 5s
user system elapsed
msr.4thcorner 5.073 0.003 6.806
mspa 4.722 0.113 6.360
aem.time 4.022 0.052 5.664
Flavor: r-devel-linux-x86_64-debian-clang