Last updated on 2025-02-21 03:52:06 CET.
Flavor | Version | Tinstall | Tcheck | Ttotal | Status | Flags |
---|---|---|---|---|---|---|
r-devel-linux-x86_64-debian-clang | 1.0.0 | 27.51 | 218.43 | 245.94 | NOTE | |
r-devel-linux-x86_64-debian-gcc | 1.0.0 | 16.13 | 129.68 | 145.81 | NOTE | |
r-devel-linux-x86_64-fedora-clang | 1.0.0 | 388.78 | NOTE | |||
r-devel-linux-x86_64-fedora-gcc | 1.0.0 | 385.87 | NOTE | |||
r-devel-macos-arm64 | 1.0.0 | 98.00 | OK | |||
r-devel-macos-x86_64 | 1.0.0 | 181.00 | NOTE | |||
r-devel-windows-x86_64 | 1.0.0 | 26.00 | 190.00 | 216.00 | NOTE | |
r-patched-linux-x86_64 | 1.0.0 | 22.99 | 200.60 | 223.59 | OK | |
r-release-linux-x86_64 | 1.0.0 | 23.00 | 200.47 | 223.47 | OK | |
r-release-macos-arm64 | 1.0.0 | 64.00 | OK | |||
r-release-macos-x86_64 | 1.0.0 | 134.00 | OK | |||
r-release-windows-x86_64 | 1.0.0 | 26.00 | 190.00 | 216.00 | OK | |
r-oldrel-macos-arm64 | 1.0.0 | 154.00 | OK | |||
r-oldrel-macos-x86_64 | 1.0.0 | 241.00 | OK | |||
r-oldrel-windows-x86_64 | 1.0.0 | 36.00 | 251.00 | 287.00 | OK |
Version: 1.0.0
Check: DESCRIPTION meta-information
Result: NOTE
Missing dependency on R >= 4.1.0 because package code uses the pipe
|> or function shorthand \(...) syntax added in R 4.1.0.
File(s) using such syntax:
‘analyze.R’ ‘estimators.R’ ‘evaluate_estimator.R’
‘fisher_information.R’ ‘integrate_over_sample_space.R’
‘mle_distribution.R’ ‘n2c2_helpers.R’ ‘plot.R’ ‘print.R’
‘reference_implementation.R’
Flavors: r-devel-linux-x86_64-debian-clang, r-devel-linux-x86_64-debian-gcc, r-devel-linux-x86_64-fedora-clang, r-devel-linux-x86_64-fedora-gcc, r-devel-macos-x86_64, r-devel-windows-x86_64