CRAN Package Check Results for Package adiv

Last updated on 2025-04-30 04:49:59 CEST.

Flavor Version Tinstall Tcheck Ttotal Status Flags
r-devel-linux-x86_64-debian-clang 2.2.1 34.70 193.65 228.35 NOTE
r-devel-linux-x86_64-debian-gcc 2.2.1 24.41 133.55 157.96 NOTE
r-devel-linux-x86_64-fedora-clang 2.2.1 351.32 OK
r-devel-linux-x86_64-fedora-gcc 2.2.1 331.42 OK
r-devel-windows-x86_64 2.2.1 29.00 195.00 224.00 OK
r-patched-linux-x86_64 2.2.1 32.46 181.71 214.17 OK
r-release-linux-x86_64 2.2.1 29.85 178.33 208.18 OK
r-release-macos-arm64 2.2.1 83.00 OK
r-release-macos-x86_64 2.2.1 148.00 OK
r-release-windows-x86_64 2.2.1 31.00 191.00 222.00 OK
r-oldrel-macos-arm64 2.2.1 82.00 OK
r-oldrel-macos-x86_64 2.2.1 126.00 OK
r-oldrel-windows-x86_64 2.2.1 44.00 252.00 296.00 OK

Check Details

Version: 2.2.1
Check: CRAN incoming feasibility
Result: NOTE Maintainer: ‘Sandrine Pavoine <sandrine.pavoine@mnhn.fr>’ No Authors@R field in DESCRIPTION. Please add one, modifying Authors@R: person(given = "Sandrine", family = "Pavoine", role = c("aut", "cre"), email = "sandrine.pavoine@mnhn.fr") as necessary. Flavors: r-devel-linux-x86_64-debian-clang, r-devel-linux-x86_64-debian-gcc