Last updated on 2025-04-30 04:49:59 CEST.
Flavor | Version | Tinstall | Tcheck | Ttotal | Status | Flags |
---|---|---|---|---|---|---|
r-devel-linux-x86_64-debian-clang | 1.2.0 | 16.38 | 534.81 | 551.19 | NOTE | |
r-devel-linux-x86_64-debian-gcc | 1.2.0 | 8.71 | 353.37 | 362.08 | NOTE | |
r-devel-linux-x86_64-fedora-clang | 1.2.0 | 832.65 | OK | |||
r-devel-linux-x86_64-fedora-gcc | 1.2.0 | 814.90 | OK | |||
r-devel-windows-x86_64 | 1.2.0 | 19.00 | 497.00 | 516.00 | OK | |
r-patched-linux-x86_64 | 1.2.0 | 25.12 | 499.51 | 524.63 | OK | |
r-release-linux-x86_64 | 1.2.0 | 15.33 | 496.99 | 512.32 | OK | |
r-release-macos-arm64 | 1.2.0 | 218.00 | OK | |||
r-release-macos-x86_64 | 1.2.0 | 460.00 | OK | |||
r-release-windows-x86_64 | 1.2.0 | 18.00 | 492.00 | 510.00 | OK | |
r-oldrel-macos-arm64 | 1.2.0 | 241.00 | OK | |||
r-oldrel-macos-x86_64 | 1.2.0 | 556.00 | OK | |||
r-oldrel-windows-x86_64 | 1.2.0 | 25.00 | 685.00 | 710.00 | OK |
Version: 1.2.0
Check: examples
Result: NOTE
Examples with CPU (user + system) or elapsed time > 5s
user system elapsed
derive_var_joined_exist_flag 7.882 0.008 9.835
derive_vars_joined 5.163 0.000 6.658
filter_joined 5.035 0.020 7.329
derive_param_tte 4.712 0.000 6.444
Flavor: r-devel-linux-x86_64-debian-clang
Version: 1.2.0
Check: examples
Result: NOTE
Examples with CPU (user + system) or elapsed time > 5s
user system elapsed
derive_var_joined_exist_flag 5.107 0.019 6.336
Flavor: r-devel-linux-x86_64-debian-gcc