CRAN Package Check Results for Package admiralophtha

Last updated on 2025-04-30 04:49:59 CEST.

Flavor Version Tinstall Tcheck Ttotal Status Flags
r-devel-linux-x86_64-debian-clang 1.2.0 8.66 76.23 84.89 OK
r-devel-linux-x86_64-debian-gcc 1.2.0 6.78 52.50 59.28 OK
r-devel-linux-x86_64-fedora-clang 1.2.0 141.67 NOTE
r-devel-linux-x86_64-fedora-gcc 1.2.0 152.37 NOTE
r-devel-windows-x86_64 1.2.0 12.00 89.00 101.00 OK
r-patched-linux-x86_64 1.2.0 6.72 70.87 77.59 OK
r-release-linux-x86_64 1.2.0 9.28 69.63 78.91 OK
r-release-macos-arm64 1.2.0 51.00 OK
r-release-macos-x86_64 1.2.0 94.00 OK
r-release-windows-x86_64 1.2.0 12.00 90.00 102.00 OK
r-oldrel-macos-arm64 1.2.0 55.00 OK
r-oldrel-macos-x86_64 1.2.0 95.00 OK
r-oldrel-windows-x86_64 1.2.0 16.00 112.00 128.00 OK

Check Details

Version: 1.2.0
Check: dependencies in R code
Result: NOTE Namespace in Imports field not imported from: ‘cli’ All declared Imports should be used. Flavors: r-devel-linux-x86_64-fedora-clang, r-devel-linux-x86_64-fedora-gcc