Last updated on 2025-04-30 04:49:59 CEST.
Flavor | Version | Tinstall | Tcheck | Ttotal | Status | Flags |
---|---|---|---|---|---|---|
r-devel-linux-x86_64-debian-clang | 0.38 | 7.56 | 54.76 | 62.32 | NOTE | |
r-devel-linux-x86_64-debian-gcc | 0.38 | 5.36 | 36.79 | 42.15 | OK | |
r-devel-linux-x86_64-fedora-clang | 0.38 | 98.90 | OK | |||
r-devel-linux-x86_64-fedora-gcc | 0.38 | 93.34 | OK | |||
r-devel-windows-x86_64 | 0.38 | 10.00 | 81.00 | 91.00 | OK | |
r-patched-linux-x86_64 | 0.38 | 8.37 | 52.05 | 60.42 | OK | |
r-release-linux-x86_64 | 0.38 | 6.11 | 52.61 | 58.72 | OK | |
r-release-macos-arm64 | 0.38 | 31.00 | OK | |||
r-release-macos-x86_64 | 0.38 | 56.00 | OK | |||
r-release-windows-x86_64 | 0.38 | 10.00 | 79.00 | 89.00 | OK | |
r-oldrel-macos-arm64 | 0.38 | 48.00 | OK | |||
r-oldrel-macos-x86_64 | 0.38 | 87.00 | OK | |||
r-oldrel-windows-x86_64 | 0.38 | 13.00 | 87.00 | 100.00 | OK |
Version: 0.38
Check: examples
Result: NOTE
Examples with CPU (user + system) or elapsed time > 5s
user system elapsed
factorize 6.727 0.025 8.814
SOPexpression 4.656 0.206 6.544
Flavor: r-devel-linux-x86_64-debian-clang