Last updated on 2025-04-30 04:49:59 CEST.
Flavor | Version | Tinstall | Tcheck | Ttotal | Status | Flags |
---|---|---|---|---|---|---|
r-devel-linux-x86_64-debian-clang | 1.1.2 | 21.48 | 136.95 | 158.43 | NOTE | |
r-devel-linux-x86_64-debian-gcc | 1.1.2 | 18.84 | 101.33 | 120.17 | NOTE | |
r-devel-linux-x86_64-fedora-clang | 1.1.2 | 246.91 | OK | |||
r-devel-linux-x86_64-fedora-gcc | 1.1.2 | 250.95 | OK | |||
r-devel-windows-x86_64 | 1.1.2 | 19.00 | 135.00 | 154.00 | OK | |
r-patched-linux-x86_64 | 1.1.2 | 22.78 | 133.06 | 155.84 | OK | |
r-release-linux-x86_64 | 1.1.2 | 18.67 | 131.89 | 150.56 | OK | |
r-release-macos-arm64 | 1.1.2 | 60.00 | OK | |||
r-release-macos-x86_64 | 1.1.2 | 122.00 | OK | |||
r-release-windows-x86_64 | 1.1.2 | 17.00 | 131.00 | 148.00 | OK | |
r-oldrel-macos-arm64 | 1.1.2 | 61.00 | NOTE | |||
r-oldrel-macos-x86_64 | 1.1.2 | 87.00 | NOTE | |||
r-oldrel-windows-x86_64 | 1.1.2 | 20.00 | 169.00 | 189.00 | NOTE |
Version: 1.1.2
Check: CRAN incoming feasibility
Result: NOTE
Maintainer: ‘Cole Monnahan <monnahc@uw.edu>’
Package CITATION file contains call(s) to old-style personList() or
as.personList(). Please use c() on person objects instead.
Package CITATION file contains call(s) to old-style citEntry(). Please
use bibentry() instead.
Flavors: r-devel-linux-x86_64-debian-clang, r-devel-linux-x86_64-debian-gcc
Version: 1.1.2
Check: LazyData
Result: NOTE
'LazyData' is specified without a 'data' directory
Flavors: r-oldrel-macos-arm64, r-oldrel-macos-x86_64, r-oldrel-windows-x86_64