Last updated on 2025-04-30 04:49:59 CEST.
Flavor | Version | Tinstall | Tcheck | Ttotal | Status | Flags |
---|---|---|---|---|---|---|
r-devel-linux-x86_64-debian-clang | 1.5-10 | 22.25 | 99.82 | 122.07 | NOTE | |
r-devel-linux-x86_64-debian-gcc | 1.5-10 | 14.71 | 69.72 | 84.43 | NOTE | |
r-devel-linux-x86_64-fedora-clang | 1.5-10 | 188.79 | OK | |||
r-devel-linux-x86_64-fedora-gcc | 1.5-10 | 184.96 | OK | |||
r-devel-windows-x86_64 | 1.5-10 | 28.00 | 119.00 | 147.00 | NOTE | |
r-patched-linux-x86_64 | 1.5-10 | 22.07 | 94.80 | 116.87 | NOTE | |
r-release-linux-x86_64 | 1.5-10 | 22.06 | 95.53 | 117.59 | NOTE | |
r-release-macos-arm64 | 1.5-10 | 58.00 | OK | |||
r-release-macos-x86_64 | 1.5-10 | 125.00 | OK | |||
r-release-windows-x86_64 | 1.5-10 | 27.00 | 115.00 | 142.00 | NOTE | |
r-oldrel-macos-arm64 | 1.5-10 | 53.00 | OK | |||
r-oldrel-macos-x86_64 | 1.5-10 | 94.00 | OK | |||
r-oldrel-windows-x86_64 | 1.5-10 | 31.00 | 140.00 | 171.00 | OK |
Version: 1.5-10
Check: Rd cross-references
Result: NOTE
Found the following Rd file(s) with Rd \link{} targets missing package
anchors:
kdfun.Rd: divc
krfun.Rd: divc
Please provide package anchors for all Rd \link{} targets not in the
package itself and the base packages.
Flavors: r-devel-linux-x86_64-debian-clang, r-devel-linux-x86_64-debian-gcc, r-devel-windows-x86_64, r-patched-linux-x86_64, r-release-linux-x86_64, r-release-windows-x86_64