Last updated on 2025-04-30 04:49:59 CEST.
Flavor | Version | Tinstall | Tcheck | Ttotal | Status | Flags |
---|---|---|---|---|---|---|
r-devel-linux-x86_64-debian-clang | 1.4-1 | 14.25 | 347.26 | 361.51 | NOTE | |
r-devel-linux-x86_64-debian-gcc | 1.4-1 | 10.03 | 241.73 | 251.76 | OK | |
r-devel-linux-x86_64-fedora-clang | 1.4-1 | 613.73 | OK | |||
r-devel-linux-x86_64-fedora-gcc | 1.4-1 | 600.59 | OK | |||
r-devel-windows-x86_64 | 1.4-1 | 16.00 | 331.00 | 347.00 | OK | |
r-patched-linux-x86_64 | 1.4-1 | 14.45 | 340.12 | 354.57 | OK | |
r-release-linux-x86_64 | 1.4-1 | 15.40 | 337.63 | 353.03 | OK | |
r-release-macos-arm64 | 1.4-1 | 163.00 | OK | |||
r-release-macos-x86_64 | 1.4-1 | 279.00 | OK | |||
r-release-windows-x86_64 | 1.4-1 | 18.00 | 329.00 | 347.00 | OK | |
r-oldrel-macos-arm64 | 1.4-1 | 126.00 | OK | |||
r-oldrel-macos-x86_64 | 1.4-1 | 259.00 | OK | |||
r-oldrel-windows-x86_64 | 1.4-1 | 22.00 | 438.00 | 460.00 | OK |
Version: 1.4-1
Check: examples
Result: NOTE
Examples with CPU (user + system) or elapsed time > 5s
user system elapsed
aov_car 5.313 0.151 6.845
Flavor: r-devel-linux-x86_64-debian-clang