CRAN Package Check Results for Package africamonitor

Last updated on 2025-04-30 04:49:59 CEST.

Flavor Version Tinstall Tcheck Ttotal Status Flags
r-devel-linux-x86_64-debian-clang 0.2.4 4.34 37.66 42.00 NOTE
r-devel-linux-x86_64-debian-gcc 0.2.4 2.61 28.27 30.88 NOTE
r-devel-linux-x86_64-fedora-clang 0.2.4 69.99 NOTE
r-devel-linux-x86_64-fedora-gcc 0.2.4 60.18 NOTE
r-devel-windows-x86_64 0.2.4 5.00 58.00 63.00 NOTE
r-patched-linux-x86_64 0.2.4 4.29 35.52 39.81 NOTE
r-release-linux-x86_64 0.2.4 3.83 35.79 39.62 NOTE
r-release-macos-arm64 0.2.4 27.00 NOTE
r-release-macos-x86_64 0.2.4 44.00 NOTE
r-release-windows-x86_64 0.2.4 5.00 57.00 62.00 NOTE
r-oldrel-macos-arm64 0.2.4 24.00 OK
r-oldrel-macos-x86_64 0.2.4 32.00 OK
r-oldrel-windows-x86_64 0.2.4 5.00 63.00 68.00 OK

Check Details

Version: 0.2.4
Check: DESCRIPTION meta-information
Result: NOTE Missing dependency on R >= 4.1.0 because package code uses the pipe |> or function shorthand \(...) syntax added in R 4.1.0. File(s) using such syntax: ‘am_data.Rd’ Flavors: r-devel-linux-x86_64-debian-clang, r-devel-linux-x86_64-debian-gcc, r-devel-linux-x86_64-fedora-clang, r-devel-linux-x86_64-fedora-gcc, r-devel-windows-x86_64, r-patched-linux-x86_64, r-release-linux-x86_64, r-release-macos-arm64, r-release-macos-x86_64, r-release-windows-x86_64