Last updated on 2025-02-22 05:51:29 CET.
Flavor | Version | Tinstall | Tcheck | Ttotal | Status | Flags |
---|---|---|---|---|---|---|
r-devel-linux-x86_64-debian-clang | 1.2.1 | 66.96 | 92.80 | 159.76 | OK | |
r-devel-linux-x86_64-debian-gcc | 1.2.1 | 51.69 | 61.29 | 112.98 | OK | |
r-devel-linux-x86_64-fedora-clang | 1.2.1 | 292.62 | OK | |||
r-devel-linux-x86_64-fedora-gcc | 1.2.1 | 286.08 | OK | |||
r-devel-macos-arm64 | 1.2.1 | 67.00 | OK | |||
r-devel-macos-x86_64 | 1.2.1 | 108.00 | OK | |||
r-devel-windows-x86_64 | 1.2.1 | 74.00 | 112.00 | 186.00 | OK | |
r-patched-linux-x86_64 | 1.2.1 | 68.87 | 82.95 | 151.82 | OK | |
r-release-linux-x86_64 | 1.2.1 | 68.55 | 81.24 | 149.79 | OK | |
r-release-macos-arm64 | 1.2.1 | 62.00 | NOTE | |||
r-release-macos-x86_64 | 1.2.1 | 101.00 | NOTE | |||
r-release-windows-x86_64 | 1.2.1 | 79.00 | 110.00 | 189.00 | OK | |
r-oldrel-macos-arm64 | 1.2.1 | 66.00 | NOTE | |||
r-oldrel-macos-x86_64 | 1.2.1 | 109.00 | NOTE | |||
r-oldrel-windows-x86_64 | 1.2.1 | 97.00 | 138.00 | 235.00 | OK |
Version: 1.2.1
Check: installed package size
Result: NOTE
installed size is 5.8Mb
sub-directories of 1Mb or more:
libs 5.3Mb
Flavors: r-release-macos-arm64, r-release-macos-x86_64, r-oldrel-macos-arm64, r-oldrel-macos-x86_64