Last updated on 2025-04-30 04:49:59 CEST.
Flavor | Version | Tinstall | Tcheck | Ttotal | Status | Flags |
---|---|---|---|---|---|---|
r-devel-linux-x86_64-debian-clang | 1.2.1 | 72.24 | 90.54 | 162.78 | OK | |
r-devel-linux-x86_64-debian-gcc | 1.2.1 | 54.60 | 62.10 | 116.70 | OK | |
r-devel-linux-x86_64-fedora-clang | 1.2.1 | 286.87 | OK | |||
r-devel-linux-x86_64-fedora-gcc | 1.2.1 | 270.35 | OK | |||
r-devel-windows-x86_64 | 1.2.1 | 79.00 | 113.00 | 192.00 | OK | |
r-patched-linux-x86_64 | 1.2.1 | 66.06 | 84.57 | 150.63 | OK | |
r-release-linux-x86_64 | 1.2.1 | 70.32 | 84.72 | 155.04 | OK | |
r-release-macos-arm64 | 1.2.1 | 66.00 | OK | |||
r-release-macos-x86_64 | 1.2.1 | 108.00 | OK | |||
r-release-windows-x86_64 | 1.2.1 | 80.00 | 111.00 | 191.00 | OK | |
r-oldrel-macos-arm64 | 1.2.1 | 62.00 | NOTE | |||
r-oldrel-macos-x86_64 | 1.2.1 | 101.00 | NOTE | |||
r-oldrel-windows-x86_64 | 1.2.1 | 94.00 | 141.00 | 235.00 | OK |
Version: 1.2.1
Check: installed package size
Result: NOTE
installed size is 5.8Mb
sub-directories of 1Mb or more:
libs 5.3Mb
Flavors: r-oldrel-macos-arm64, r-oldrel-macos-x86_64